{"id":4973,"date":"2014-03-03T11:50:36","date_gmt":"2014-03-03T09:50:36","guid":{"rendered":"http:\/\/cubica.dk\/?page_id=4973"},"modified":"2017-06-27T21:23:45","modified_gmt":"2017-06-27T19:23:45","slug":"leverandoerer","status":"publish","type":"page","link":"https:\/\/www.cubica.dk\/?page_id=4973","title":{"rendered":"Leverand\u00f8rer"},"content":{"rendered":"<h1>Leverand\u00f8rer<\/h1>\n<p>P\u00e5 BOXdeLUX har vi sp\u00e6ndende leverand\u00f8rer fra ind- og udland. Her har vi lavet en beskrivelse af et udvalg af de leverand\u00f8rer vi bruger.<\/p>\n<p>Har du nogle produkter du tror vi kan forhandle i BOXdeLUX, s\u00e5 t\u00f8v ikke med at kontakte os. Vi beder dig om at sende en mail, hvis du \u00f8nsker at komme i kontakt til os. Skriv til Anni p\u00e5 mail@boxdelux.dk<\/p>\n<p>De leverand\u00f8rer vi tager ind er leverand\u00f8rer der leverer kvalitetsvarer til en overkommelig pris. Produkterne m\u00e5 gerne have en kant, v\u00e6re anderledes, opfylde et smart opbevaringsbehov eller bare have lidt X factor. Som leverand\u00f8r har du fremragende kundeservice, k\u00f8rer stabile leveringstider og har fuldst\u00e6ndig styr p\u00e5 at tage flotte og inspirerende produktfotos til nettet. Dine produkter er mellemklasse til high end m\u00e6rkevarer. Vi konkurrerer ikke p\u00e5 pris, men p\u00e5 leveringstid og personlig service og det stemmer overens med dine forventninger.<\/p>\n<h3>&nbsp;<strong>&nbsp;<\/strong><\/h3>\n<table style=\"height: 1830px;\" width=\"769\">\n<tbody>\n<tr>\n<td>\n<h5>&nbsp;<a href=\"http:\/\/cubica.dk\/om-os-kontakt\/leverandoerer\/bloomingville\/\" target=\"_blank\" rel=\"noopener\">Bloomingville<\/a><\/h5>\n<h5><a href=\"http:\/\/cubica.dk\/om-os-kontakt\/leverandoerer\/bloomingville\/\" rel=\"attachment wp-att-5271\"><img loading=\"lazy\" decoding=\"async\" src=\"http:\/\/cubica.dk\/wp-content\/uploads\/2014\/04\/bloomingville_m1-150x150.jpg\" alt=\"bloomingville tr\u00e6kasser\" width=\"150\" height=\"150\"><\/a><\/h5>\n<\/td>\n<td>\n<h5><a href=\"http:\/\/cubica.dk\/om-os-kontakt\/leverandoerer\/cinas\/\" target=\"_blank\" rel=\"noopener\">Cinas<\/a><\/h5>\n<h5><a href=\" http:\/\/cubica.dk\/om-os-kontakt\/leverandoerer\/cinas\/\"><img loading=\"lazy\" decoding=\"async\" src=\"http:\/\/cubica.dk\/wp-content\/uploads\/2016\/04\/cinac_ekstra_billede_kasser_og_skammel-150x150.jpg\" alt=\"cinac_ekstra_billede_kasser_og_skammel\" width=\"150\" height=\"150\"><\/a><\/h5>\n<\/td>\n<td>\n<h5><a href=\"http:\/\/cubica.dk\/om-os-kontakt\/leverandoerer\/derriere-la-porte\/\" target=\"_blank\" rel=\"noopener\">Derri\u00e8re la Porte<\/a><\/h5>\n<h5><a href=\"http:\/\/cubica.dk\/om-os-kontakt\/leverandoerer\/derriere-la-porte\/\" rel=\"attachment wp-att-5114\"><img loading=\"lazy\" decoding=\"async\" src=\"http:\/\/cubica.dk\/wp-content\/uploads\/2014\/03\/dlp_metalboks_til_neglelak_roed-150x150.jpg\" alt=\"\" width=\"150\" height=\"150\"><\/a><\/h5>\n<\/td>\n<td>\n<h5><a href=\"http:\/\/cubica.dk\/om-os-kontakt\/leverandoerer\/flazbag\/\" target=\"_blank\" rel=\"noopener\">Fl\u00e4zbag<\/a><\/h5>\n<h5><a href=\"http:\/\/cubica.dk\/om-os-kontakt\/leverandoerer\/flazbag\/\" rel=\"attachment wp-att-6139\"><img loading=\"lazy\" decoding=\"async\" src=\"http:\/\/cubica.dk\/wp-content\/uploads\/2014\/03\/flaezbag_tabletholder_ipadholder_miljoe2-150x150.jpg\" alt=\"flaezbag_tabletholder_ipadholder_miljoe2\" width=\"150\" height=\"150\"><\/a><\/h5>\n<\/td>\n<\/tr>\n<tr>\n<td>\n<h5><a href=\"http:\/\/cubica.dk\/om-os-kontakt\/leverandoerer\/hachiman-kasai\/\" target=\"_blank\" rel=\"noopener\">Hachiman Kasai<\/a><\/h5>\n<h5><a href=\"http:\/\/cubica.dk\/om-os-kontakt\/leverandoerer\/hachiman-kasai\/\" rel=\"attachment wp-att-4751\"><img loading=\"lazy\" decoding=\"async\" src=\"http:\/\/cubica.dk\/wp-content\/uploads\/2013\/09\/a_omniutil-150x150.jpg\" alt=\"Omniutil Plastspande i mange farver\" width=\"150\" height=\"150\"><\/a><\/h5>\n<\/td>\n<td>\n<h5><a href=\"http:\/\/cubica.dk\/om-os-kontakt\/leverandoerer\/handed-by\/\" target=\"_blank\" rel=\"noopener\">Handed By&nbsp;<\/a><\/h5>\n<h5><a href=\"http:\/\/cubica.dk\/om-os-kontakt\/leverandoerer\/handed-by\/\" rel=\"attachment wp-att-6039\"><img loading=\"lazy\" decoding=\"async\" src=\"http:\/\/cubica.dk\/wp-content\/uploads\/2014\/03\/handed_by_miljoe_billeder_jan16-13-150x150.jpg\" alt=\"handed_by_miljoe_billeder_jan16 (13)\" width=\"150\" height=\"150\"><\/a><\/h5>\n<\/td>\n<td>\n<h5><a href=\"http:\/\/cubica.dk\/om-os-kontakt\/leverandoerer\/happy-lights\/\" target=\"_blank\" rel=\"noopener\">HappyLights<\/a><\/h5>\n<h5><a href=\"http:\/\/cubica.dk\/om-os-kontakt\/leverandoerer\/happy-lights\/\" rel=\"attachment wp-att-5961\"><img loading=\"lazy\" decoding=\"async\" src=\"http:\/\/cubica.dk\/wp-content\/uploads\/2016\/04\/happylights_miljo_alle-150x150.jpg\" alt=\"happylights_miljo_alle\" width=\"150\" height=\"150\"><\/a><\/h5>\n<\/td>\n<td>\n<h5><a href=\"http:\/\/cubica.dk\/om-os-kontakt\/leverandoerer\/horredsmatten\/\" target=\"_blank\" rel=\"noopener\">Horredsmattan<\/a><\/h5>\n<h5><a href=\"http:\/\/cubica.dk\/om-os-kontakt\/leverandoerer\/horredsmatten\/\" rel=\"attachment wp-att-6040\"><img loading=\"lazy\" decoding=\"async\" src=\"http:\/\/cubica.dk\/wp-content\/uploads\/2014\/03\/happytaepper-150x150.jpg\" alt=\"happytaepper\" width=\"150\" height=\"150\"><\/a><\/h5>\n<\/td>\n<\/tr>\n<tr>\n<td>\n<h5><a href=\"http:\/\/cubica.dk\/om-os-kontakt\/leverandoerer\/house-doctor\/\" target=\"_blank\" rel=\"noopener\">HouseDoctor&nbsp;<\/a><\/h5>\n<h5><a href=\"http:\/\/cubica.dk\/om-os-kontakt\/leverandoerer\/house-doctor\/\" rel=\"attachment wp-att-4816\"><img loading=\"lazy\" decoding=\"async\" src=\"http:\/\/cubica.dk\/wp-content\/uploads\/2013\/10\/Sk0951_smykkeskrin_til_opbevaring-150x150.jpg\" alt=\"House Doctor smykkeskrin\" width=\"150\" height=\"150\"><\/a><\/h5>\n<\/td>\n<td>\n<h5><a href=\"http:\/\/cubica.dk\/om-os-kontakt\/leverandoerer\/hubsch\/\" target=\"_blank\" rel=\"noopener\">H\u00fcbsch Interi\u00f8r<\/a><\/h5>\n<h5><a href=\"http:\/\/cubica.dk\/om-os-kontakt\/leverandoerer\/hubsch\/\" rel=\"attachment wp-att-6135\"><img loading=\"lazy\" decoding=\"async\" src=\"http:\/\/cubica.dk\/wp-content\/uploads\/2014\/03\/hubsh_miljoe_kurve_ss16-150x150.jpg\" alt=\"hubsh_miljoe_kurve_ss16\" width=\"150\" height=\"150\"><\/a><\/h5>\n<\/td>\n<td>\n<h5><a href=\"http:\/\/cubica.dk\/om-os-kontakt\/leverandoerer\/interdesign\/\">Interdesign&nbsp;<\/a><\/h5>\n<h5><a href=\"http:\/\/cubica.dk\/om-os-kontakt\/leverandoerer\/interdesign\/\" rel=\"attachment wp-att-5417\"><img loading=\"lazy\" decoding=\"async\" src=\"http:\/\/cubica.dk\/wp-content\/uploads\/2014\/06\/opbevaringskasse_plast_miljoe_interdesign_alle-150x150.jpg\" alt=\"opbevaringskasse_plast_miljoe_interdesign_alle\" width=\"150\" height=\"150\"><\/a><\/h5>\n<\/td>\n<td>\n<h5><a href=\"http:\/\/cubica.dk\/om-os-kontakt\/leverandoerer\/kreafunk\/\" target=\"_blank\" rel=\"noopener\">Kreafunk<\/a><\/h5>\n<h5><a href=\"http:\/\/cubica.dk\/om-os-kontakt\/leverandoerer\/kreafunk\/\" rel=\"attachment wp-att-5487\"><img loading=\"lazy\" decoding=\"async\" src=\"http:\/\/cubica.dk\/wp-content\/uploads\/2014\/10\/hoejtaler_speaker_kreafunk_amove_alle-2-150x150.jpg\" alt=\"\" width=\"150\" height=\"150\"><\/a><\/h5>\n<\/td>\n<\/tr>\n<tr>\n<td>\n<h5><a href=\"http:\/\/cubica.dk\/om-os-kontakt\/leverandoerer\/washi-tape\/\" target=\"_blank\" rel=\"noopener\">Masking Tape<\/a><\/h5>\n<h5><a href=\"http:\/\/cubica.dk\/om-os-kontakt\/leverandoerer\/washi-tape\/\" rel=\"attachment wp-att-5162\"><img loading=\"lazy\" decoding=\"async\" src=\"http:\/\/cubica.dk\/wp-content\/uploads\/2014\/03\/h1-150x150.jpg\" alt=\"h1\" width=\"150\" height=\"150\"><\/a><\/h5>\n<\/td>\n<td>\n<h5><a href=\"http:\/\/cubica.dk\/om-os-kontakt\/leverandoerer\/meraki\/\">Meraki<\/a><\/h5>\n<h5><a href=\"http:\/\/cubica.dk\/om-os-kontakt\/leverandoerer\/meraki\/\"><img loading=\"lazy\" decoding=\"async\" src=\"http:\/\/cubica.dk\/wp-content\/uploads\/2016\/07\/meraki_opvaskeboerst1-150x150.jpg\" alt=\"meraki_opvaskeboerst1\" width=\"150\" height=\"150\"><\/a><\/h5>\n<\/td>\n<td>\n<h5><a href=\"http:\/\/cubica.dk\/om-os-kontakt\/leverandoerer\/michelle-carlslund\/\" target=\"_blank\" rel=\"noopener\">Michelle Carlslund<\/a><\/h5>\n<h5><a href=\"http:\/\/cubica.dk\/om-os-kontakt\/leverandoerer\/michelle-carlslund\/\" rel=\"attachment wp-att-6042\"><img loading=\"lazy\" decoding=\"async\" src=\"http:\/\/cubica.dk\/wp-content\/uploads\/2014\/03\/michelle_carlslund_pianoplay_medramme-150x150.jpg\" alt=\"michelle_carlslund_pianoplay_medramme\" width=\"150\" height=\"150\"><\/a><\/h5>\n<\/td>\n<td>\n<h5><a href=\"http:\/\/cubica.dk\/om-os-kontakt\/leverandoerer\/naga\/\">Naga<\/a><\/h5>\n<h5><a href=\"http:\/\/cubica.dk\/om-os-kontakt\/leverandoerer\/naga\/\" rel=\"attachment wp-att-6136\"><img loading=\"lazy\" decoding=\"async\" src=\"http:\/\/cubica.dk\/wp-content\/uploads\/2014\/03\/magnetiskdesigntavle_xl_04-150x150.jpg\" alt=\"Magnetiske glastavler fra NAGA\" width=\"150\" height=\"150\"><\/a><\/h5>\n<\/td>\n<\/tr>\n<tr>\n<td>\n<h5><a href=\"http:\/\/cubica.dk\/om-os-kontakt\/leverandoerer\/nicolas-vahe\/\" target=\"_blank\" rel=\"noopener\">Nicolas Vah\u00e9<\/a><\/h5>\n<h5><a href=\"http:\/\/cubica.dk\/om-os-kontakt\/leverandoerer\/nicolas-vahe\/\" rel=\"attachment wp-att-6032\"><img loading=\"lazy\" decoding=\"async\" src=\"http:\/\/cubica.dk\/wp-content\/uploads\/2014\/03\/nicolas_vahe_salt_perbermix_kvaern-150x150.jpg\" alt=\"nicolas_vahe_salt_perbermix_kvaern\" width=\"150\" height=\"150\"><\/a><\/h5>\n<\/td>\n<td>\n<h5>&nbsp;<a href=\"http:\/\/cubica.dk\/om-os-kontakt\/leverandoerer\/nomess-copenhagen\/\">Nomess<\/a><\/h5>\n<h5><a href=\"http:\/\/cubica.dk\/om-os-kontakt\/leverandoerer\/nomess-copenhagen\/\"><img loading=\"lazy\" decoding=\"async\" src=\"http:\/\/cubica.dk\/wp-content\/uploads\/2016\/04\/nomess_ekstrabilled_skoaesker-150x150.jpg\" alt=\"nomess_ekstrabilled_skoaesker\" width=\"150\" height=\"150\"><\/a><\/h5>\n<\/td>\n<td>\n<h5><a href=\"http:\/\/cubica.dk\/om-os-kontakt\/leverandoerer\/nordal\/\u00a0\">Nordal<\/a><\/h5>\n<h5><a href=\"http:\/\/cubica.dk\/om-os-kontakt\/leverandoerer\/nordal\/ \" rel=\"attachment wp-att-6133\"><img loading=\"lazy\" decoding=\"async\" src=\"http:\/\/cubica.dk\/wp-content\/uploads\/2014\/03\/pedalspande_3_stoerrelser_hvid_5_20_30_liter-150x150.jpg\" alt=\"pedalspande_3_stoerrelser_hvid_5_20_30_liter\" width=\"150\" height=\"150\"><\/a><\/h5>\n<\/td>\n<td>\n<h5><a href=\"http:\/\/cubica.dk\/om-os-kontakt\/leverandoerer\/nud-collection\/\">NUD Collection<\/a><\/h5>\n<h5><a href=\"http:\/\/cubica.dk\/om-os-kontakt\/leverandoerer\/nud-collection\/\" target=\"_blank\" rel=\"noopener\"><img loading=\"lazy\" decoding=\"async\" src=\"http:\/\/cubica.dk\/wp-content\/uploads\/2014\/03\/nud_collection_farvet_stofledning_ekstra6-150x150.jpg\" alt=\"nud_collection_farvet_stofledning_ekstra6\" width=\"150\" height=\"150\"><\/a><\/h5>\n<\/td>\n<\/tr>\n<tr>\n<td>\n<h5><a href=\"http:\/\/cubica.dk\/om-os-kontakt\/leverandoerer\/rastablanche\/\">Rastablanche<\/a><\/h5>\n<h5><a href=\"http:\/\/cubica.dk\/om-os-kontakt\/leverandoerer\/rastablanche\/\" rel=\"attachment wp-att-6126\"><img loading=\"lazy\" decoding=\"async\" src=\"http:\/\/cubica.dk\/wp-content\/uploads\/2014\/03\/rasta1-150x150.jpg\" alt=\"Rastablanche plastt\u00e6ppe i sort\/hvide striber\" width=\"150\" height=\"150\"><\/a><\/h5>\n<\/td>\n<td>\n<h5><a href=\"http:\/\/cubica.dk\/om-os-kontakt\/leverandoerer\/reenbergs\/\">Reenbergs<\/a><\/h5>\n<h5><a href=\"http:\/\/cubica.dk\/om-os-kontakt\/leverandoerer\/reenbergs\/\" rel=\"attachment wp-att-6132\"><img loading=\"lazy\" decoding=\"async\" src=\"http:\/\/cubica.dk\/wp-content\/uploads\/2014\/03\/reenberg_karkludholder_sort_fleksibel-150x150.jpg\" alt=\"reenberg_karkludholder_sort_fleksibel\" width=\"150\" height=\"150\"><\/a><\/h5>\n<\/td>\n<td>\n<h5><a href=\"http:\/\/cubica.dk\/om-os-kontakt\/leverandoerer\/rice\/\" target=\"_blank\" rel=\"noopener\">Rice<\/a><\/h5>\n<h5><a href=\"http:\/\/cubica.dk\/om-os-kontakt\/leverandoerer\/rice\/\" rel=\"attachment wp-att-5940\"><img loading=\"lazy\" decoding=\"async\" src=\"http:\/\/cubica.dk\/wp-content\/uploads\/2016\/01\/rice_raffia_kurv_hank_lilla_natur_guld-150x150.jpg\" alt=\"Rice kurv i lilla og guld\" width=\"150\" height=\"150\"><\/a><\/h5>\n<\/td>\n<td>\n<h5><a href=\"http:\/\/cubica.dk\/om-os-kontakt\/leverandoerer\/room-copenhagen\/\">Room Copenhagen<\/a><\/h5>\n<h5><a href=\"http:\/\/cubica.dk\/om-os-kontakt\/leverandoerer\/room-copenhagen\/\" rel=\"attachment wp-att-6138\"><img loading=\"lazy\" decoding=\"async\" src=\"http:\/\/cubica.dk\/wp-content\/uploads\/2014\/03\/lego_opbevaring_miljoe-3-150x150.jpg\" alt=\"lego_opbevaring\" width=\"150\" height=\"150\"><\/a><\/h5>\n<\/td>\n<\/tr>\n<tr>\n<td>\n<h5><a href=\"http:\/\/cubica.dk\/om-os-kontakt\/leverandoerer\/sistema\/\">Sistema<\/a><\/h5>\n<h5><a href=\"http:\/\/cubica.dk\/om-os-kontakt\/leverandoerer\/sistema\/\" rel=\"attachment wp-att-6137\"><img loading=\"lazy\" decoding=\"async\" src=\"http:\/\/cubica.dk\/wp-content\/uploads\/2014\/03\/a24-150x150.jpg\" alt=\"Sistema\" width=\"150\" height=\"150\"><\/a><\/h5>\n<\/td>\n<td>\n<h5><a href=\"http:\/\/cubica.dk\/om-os-kontakt\/leverandoerer\/speedtsberg\/\" target=\"_blank\" rel=\"noopener\">Speedtsberg<\/a><\/h5>\n<h5><a href=\"http:\/\/cubica.dk\/om-os-kontakt\/leverandoerer\/speedtsberg\/\" rel=\"attachment wp-att-6043\"><img loading=\"lazy\" decoding=\"async\" src=\"http:\/\/cubica.dk\/wp-content\/uploads\/2014\/03\/speedtsberg_aeskesaet_brit_graa_saet_med_3stk1-150x150.jpg\" alt=\"speedtsberg_aeskesaet_brit_graa_saet_med_3stk1\" width=\"150\" height=\"150\"><\/a><\/h5>\n<\/td>\n<td>\n<h5><a href=\"http:\/\/cubica.dk\/om-os-kontakt\/leverandoerer\/the-oak-men\/\" target=\"_blank\" rel=\"noopener\">The Oakmen<\/a><\/h5>\n<h5><a href=\"http:\/\/cubica.dk\/om-os-kontakt\/leverandoerer\/the-oak-men\/\" rel=\"attachment wp-att-6044\"><img loading=\"lazy\" decoding=\"async\" src=\"http:\/\/cubica.dk\/wp-content\/uploads\/2014\/03\/oakmen_tavler_ekstra_miljoe_denye_h1-150x150.jpg\" alt=\"oakmen_tavler_ekstra_miljoe_denye_h1\" width=\"150\" height=\"150\"><\/a><\/h5>\n<\/td>\n<td>\n<h5><a href=\"http:\/\/cubica.dk\/om-os-kontakt\/leverandoerer\/tica-copenhagen\/\" target=\"_blank\" rel=\"noopener\">Tica Copenhagen<\/a><\/h5>\n<h5><a href=\"http:\/\/cubica.dk\/om-os-kontakt\/leverandoerer\/tica-copenhagen\/\" rel=\"attachment wp-att-5248\"><img loading=\"lazy\" decoding=\"async\" src=\"http:\/\/cubica.dk\/wp-content\/uploads\/2014\/04\/tica_copenhagen_doermaatte_trekanter_3-150x150.jpg\" alt=\"Tica D\u00f8rm\u00e5tte og gummibakke\" width=\"150\" height=\"150\"><\/a><\/h5>\n<\/td>\n<\/tr>\n<tr>\n<td>\n<h5><a href=\"http:\/\/cubica.dk\/om-os-kontakt\/leverandoerer\/uashmama\/\">Uashmama<\/a><\/h5>\n<p>&nbsp;<\/p>\n<h5>&nbsp;<\/h5>\n<\/td>\n<td>\n<h5>&nbsp;<\/h5>\n<\/td>\n<td>&nbsp;<\/td>\n<td>&nbsp;<\/td>\n<\/tr>\n<\/tbody>\n<\/table>\n","protected":false},"excerpt":{"rendered":"<p>Leverand\u00f8rer P\u00e5 BOXdeLUX har vi sp\u00e6ndende leverand\u00f8rer fra ind- og udland. Her har vi lavet en beskrivelse af et udvalg af de leverand\u00f8rer vi bruger. Har du nogle produkter du tror vi kan forhandle i BOXdeLUX, s\u00e5 t\u00f8v ikke med at kontakte os. Vi beder dig om at sende en mail, hvis du \u00f8nsker at [&hellip;]<\/p>\n","protected":false},"author":1,"featured_media":0,"parent":18,"menu_order":0,"comment_status":"closed","ping_status":"closed","template":"","meta":{"om_disable_all_campaigns":false,"_monsterinsights_skip_tracking":false,"_monsterinsights_sitenote_active":false,"_monsterinsights_sitenote_note":"","_monsterinsights_sitenote_category":0,"ngg_post_thumbnail":0,"footnotes":""},"class_list":["post-4973","page","type-page","status-publish","hentry"],"aioseo_notices":[],"_links":{"self":[{"href":"https:\/\/www.cubica.dk\/index.php?rest_route=\/wp\/v2\/pages\/4973","targetHints":{"allow":["GET"]}}],"collection":[{"href":"https:\/\/www.cubica.dk\/index.php?rest_route=\/wp\/v2\/pages"}],"about":[{"href":"https:\/\/www.cubica.dk\/index.php?rest_route=\/wp\/v2\/types\/page"}],"author":[{"embeddable":true,"href":"https:\/\/www.cubica.dk\/index.php?rest_route=\/wp\/v2\/users\/1"}],"replies":[{"embeddable":true,"href":"https:\/\/www.cubica.dk\/index.php?rest_route=%2Fwp%2Fv2%2Fcomments&post=4973"}],"version-history":[{"count":60,"href":"https:\/\/www.cubica.dk\/index.php?rest_route=\/wp\/v2\/pages\/4973\/revisions"}],"predecessor-version":[{"id":7180,"href":"https:\/\/www.cubica.dk\/index.php?rest_route=\/wp\/v2\/pages\/4973\/revisions\/7180"}],"up":[{"embeddable":true,"href":"https:\/\/www.cubica.dk\/index.php?rest_route=\/wp\/v2\/pages\/18"}],"wp:attachment":[{"href":"https:\/\/www.cubica.dk\/index.php?rest_route=%2Fwp%2Fv2%2Fmedia&parent=4973"}],"curies":[{"name":"wp","href":"https:\/\/api.w.org\/{rel}","templated":true}]}}