{"id":4996,"date":"2014-03-03T12:09:15","date_gmt":"2014-03-03T10:09:15","guid":{"rendered":"http:\/\/cubica.dk\/?page_id=4996"},"modified":"2017-06-27T21:14:30","modified_gmt":"2017-06-27T19:14:30","slug":"tica-copenhagen","status":"publish","type":"page","link":"https:\/\/www.cubica.dk\/?page_id=4996","title":{"rendered":"Tica Copenhagen"},"content":{"rendered":"<h1>Tica Copenhagen<\/h1>\n<p>Der er noget magisk mellem kvinder og sko, hvorfor ikke passe ekstra godt p\u00e5 dem s\u00e5?<br \/>\nTica Copenhagen er som navnet siger, endnu et dansk firma p\u00e5 listen. Firmaet producere et univers af smarte accessories til sko og st\u00f8vler i funktionelt design. Det er produkter, der hj\u00e6lper dig med at passe p\u00e5 dit fodt\u00f8j, s\u00e5 det holder sig flot i l\u00e6ngere tid, samt g\u00f8r det lettere at holde orden p\u00e5 sko og st\u00f8vler. Tina som driver firmaet, har arbejdet med designprodukter til hjemmet i mange \u00e5r inden for produktudvikling, salg og markedsf\u00f8ring, som hun ogs\u00e5 er uddannet i.<\/p>\n<p>Se og k\u00f8b <a href=\"https:\/\/www.boxdelux.dk\/shop\/tica-copenhagen-469c1.html\">Tica Copenhagen her<\/a><\/p>\n<p><a href=\"http:\/\/www.boxdelux.dk\/shop\/search-1.html?keyword=Tica\" rel=\"attachment wp-att-6459\"><img loading=\"lazy\" decoding=\"async\" class=\"alignnone wp-image-6459\" src=\"http:\/\/cubica.dk\/wp-content\/uploads\/2014\/03\/ticacopenhagen_doermaatter_nye_sommer_miljoe-1.jpg\" alt=\"BOXdeLUX\" width=\"280\" height=\"280\" srcset=\"https:\/\/www.cubica.dk\/wp-content\/uploads\/2014\/03\/ticacopenhagen_doermaatter_nye_sommer_miljoe-1.jpg 600w, https:\/\/www.cubica.dk\/wp-content\/uploads\/2014\/03\/ticacopenhagen_doermaatter_nye_sommer_miljoe-1-150x150.jpg 150w, https:\/\/www.cubica.dk\/wp-content\/uploads\/2014\/03\/ticacopenhagen_doermaatter_nye_sommer_miljoe-1-300x300.jpg 300w\" sizes=\"auto, (max-width: 280px) 100vw, 280px\" \/><\/a><a href=\"http:\/\/www.boxdelux.dk\/shop\/search-1.html?keyword=Tica\" rel=\"attachment wp-att-6457\">&nbsp; &nbsp; &nbsp;&nbsp;<img loading=\"lazy\" decoding=\"async\" class=\"alignnone wp-image-6457\" src=\"http:\/\/cubica.dk\/wp-content\/uploads\/2014\/03\/tica_copenhagen_doermaatte_shoes_3.jpg\" alt=\"Tica D\u00f8rm\u00e5tte og gummibakke\" width=\"280\" height=\"280\" srcset=\"https:\/\/www.cubica.dk\/wp-content\/uploads\/2014\/03\/tica_copenhagen_doermaatte_shoes_3.jpg 600w, https:\/\/www.cubica.dk\/wp-content\/uploads\/2014\/03\/tica_copenhagen_doermaatte_shoes_3-150x150.jpg 150w, https:\/\/www.cubica.dk\/wp-content\/uploads\/2014\/03\/tica_copenhagen_doermaatte_shoes_3-300x300.jpg 300w\" sizes=\"auto, (max-width: 280px) 100vw, 280px\" \/><\/a>&nbsp; &nbsp; &nbsp;&nbsp; <a href=\"http:\/\/www.boxdelux.dk\/shop\/search-1.html?keyword=Tica\" rel=\"attachment wp-att-6458\"><img loading=\"lazy\" decoding=\"async\" class=\"alignnone wp-image-6458\" src=\"http:\/\/cubica.dk\/wp-content\/uploads\/2014\/03\/tica_copenhagen_doermaatte_shoes_4.jpg\" alt=\"Tica D\u00f8rm\u00e5tte og gummibakke\" width=\"280\" height=\"280\" srcset=\"https:\/\/www.cubica.dk\/wp-content\/uploads\/2014\/03\/tica_copenhagen_doermaatte_shoes_4.jpg 600w, https:\/\/www.cubica.dk\/wp-content\/uploads\/2014\/03\/tica_copenhagen_doermaatte_shoes_4-150x150.jpg 150w, https:\/\/www.cubica.dk\/wp-content\/uploads\/2014\/03\/tica_copenhagen_doermaatte_shoes_4-300x300.jpg 300w\" sizes=\"auto, (max-width: 280px) 100vw, 280px\" \/><\/a><\/p>\n","protected":false},"excerpt":{"rendered":"<p>Tica Copenhagen Der er noget magisk mellem kvinder og sko, hvorfor ikke passe ekstra godt p\u00e5 dem s\u00e5? Tica Copenhagen er som navnet siger, endnu et dansk firma p\u00e5 listen. Firmaet producere et univers af smarte accessories til sko og st\u00f8vler i funktionelt design. Det er produkter, der hj\u00e6lper dig med at passe p\u00e5 dit [&hellip;]<\/p>\n","protected":false},"author":2,"featured_media":0,"parent":4973,"menu_order":0,"comment_status":"closed","ping_status":"closed","template":"","meta":{"om_disable_all_campaigns":false,"_monsterinsights_skip_tracking":false,"_monsterinsights_sitenote_active":false,"_monsterinsights_sitenote_note":"","_monsterinsights_sitenote_category":0,"ngg_post_thumbnail":0,"footnotes":""},"class_list":["post-4996","page","type-page","status-publish","hentry"],"aioseo_notices":[],"_links":{"self":[{"href":"https:\/\/www.cubica.dk\/index.php?rest_route=\/wp\/v2\/pages\/4996","targetHints":{"allow":["GET"]}}],"collection":[{"href":"https:\/\/www.cubica.dk\/index.php?rest_route=\/wp\/v2\/pages"}],"about":[{"href":"https:\/\/www.cubica.dk\/index.php?rest_route=\/wp\/v2\/types\/page"}],"author":[{"embeddable":true,"href":"https:\/\/www.cubica.dk\/index.php?rest_route=\/wp\/v2\/users\/2"}],"replies":[{"embeddable":true,"href":"https:\/\/www.cubica.dk\/index.php?rest_route=%2Fwp%2Fv2%2Fcomments&post=4996"}],"version-history":[{"count":6,"href":"https:\/\/www.cubica.dk\/index.php?rest_route=\/wp\/v2\/pages\/4996\/revisions"}],"predecessor-version":[{"id":7173,"href":"https:\/\/www.cubica.dk\/index.php?rest_route=\/wp\/v2\/pages\/4996\/revisions\/7173"}],"up":[{"embeddable":true,"href":"https:\/\/www.cubica.dk\/index.php?rest_route=\/wp\/v2\/pages\/4973"}],"wp:attachment":[{"href":"https:\/\/www.cubica.dk\/index.php?rest_route=%2Fwp%2Fv2%2Fmedia&parent=4996"}],"curies":[{"name":"wp","href":"https:\/\/api.w.org\/{rel}","templated":true}]}}