{"id":5007,"date":"2014-03-03T12:31:23","date_gmt":"2014-03-03T10:31:23","guid":{"rendered":"http:\/\/cubica.dk\/?page_id=5007"},"modified":"2017-06-27T21:07:26","modified_gmt":"2017-06-27T19:07:26","slug":"interdesign","status":"publish","type":"page","link":"https:\/\/www.cubica.dk\/?page_id=5007","title":{"rendered":"InterDesign"},"content":{"rendered":"<h1>InterDesign<\/h1>\n<p>Interdesign er vores amerikanske leverand\u00f8r af praktisk opbevaring i plast og akryl. De har et k\u00e6mpe udvalg af produkter til opbevaring i k\u00f8leskabet, til make up og til f\u00f8devarer, som vi f\u00f8rer det meste af.<\/p>\n<p>Virksomheden designer og producerer produkter til hjemmet, der kombinerer innovativt design, high-fashion og konkurrencedygtige priser. Kombinationen har givet InterDesign adgang til at blive en global leder inden for Houseware industrien og de s\u00e6lger til over 40 lande verden over.<br \/>\nInterDesign har eksisteret i n\u00e6sten 40 \u00e5r og forts\u00e6tter med at vokse og udvide deres produkt linje fra deres hovedkvarter i Solon, Ohio. I USA kan InterDesign\u2019s produkter findes hos store forhandlere i hele landet, herunder Target, Crate &amp; Barrel, Williams-Sonoma, Container Store, Bed, Bath &amp; Beyond, Walmart, Kohls, Lowes, Home Depot og Costco.<\/p>\n<p>Se og k\u00f8b <a href=\"https:\/\/www.boxdelux.dk\/shop\/interdesign-485c1.html\" target=\"_blank\" rel=\"noopener\">InterDesigns produkter online her<\/a><\/p>\n<p><a href=\"http:\/\/www.boxdelux.dk\/shop\/search-1.html?keyword=interdesign\" rel=\"attachment wp-att-6380\"><img loading=\"lazy\" decoding=\"async\" class=\"alignnone wp-image-6380\" src=\"http:\/\/cubica.dk\/wp-content\/uploads\/2014\/03\/drejefad_stor_med_hoej_kant_bakke_interdesign_73230eu3.jpg\" alt=\"drejefad_stor_med_hoej_kant_bakke_interdesign_73230eu3\" width=\"280\" height=\"280\" srcset=\"https:\/\/www.cubica.dk\/wp-content\/uploads\/2014\/03\/drejefad_stor_med_hoej_kant_bakke_interdesign_73230eu3.jpg 600w, https:\/\/www.cubica.dk\/wp-content\/uploads\/2014\/03\/drejefad_stor_med_hoej_kant_bakke_interdesign_73230eu3-150x150.jpg 150w, https:\/\/www.cubica.dk\/wp-content\/uploads\/2014\/03\/drejefad_stor_med_hoej_kant_bakke_interdesign_73230eu3-300x300.jpg 300w\" sizes=\"auto, (max-width: 280px) 100vw, 280px\" \/><\/a>&nbsp; &nbsp; &nbsp; &nbsp;<a href=\"http:\/\/www.boxdelux.dk\/shop\/search-1.html?keyword=interdesign\" rel=\"attachment wp-att-6381\"><img loading=\"lazy\" decoding=\"async\" class=\"alignnone wp-image-6381\" src=\"http:\/\/cubica.dk\/wp-content\/uploads\/2014\/03\/daaseholder_daaseopbevaring_plus_luksus_med_laag_70938eu1.jpg\" alt=\"daaseholder_daaseopbevaring_plus_luksus_med_laag_70938eu1\" width=\"280\" height=\"280\" srcset=\"https:\/\/www.cubica.dk\/wp-content\/uploads\/2014\/03\/daaseholder_daaseopbevaring_plus_luksus_med_laag_70938eu1.jpg 600w, https:\/\/www.cubica.dk\/wp-content\/uploads\/2014\/03\/daaseholder_daaseopbevaring_plus_luksus_med_laag_70938eu1-150x150.jpg 150w, https:\/\/www.cubica.dk\/wp-content\/uploads\/2014\/03\/daaseholder_daaseopbevaring_plus_luksus_med_laag_70938eu1-300x300.jpg 300w\" sizes=\"auto, (max-width: 280px) 100vw, 280px\" \/><\/a>&nbsp; &nbsp; &nbsp; &nbsp;<a href=\"http:\/\/www.boxdelux.dk\/shop\/search-1.html?keyword=interdesign\" rel=\"attachment wp-att-6382\"><img loading=\"lazy\" decoding=\"async\" class=\"alignnone wp-image-6382\" src=\"http:\/\/cubica.dk\/wp-content\/uploads\/2014\/03\/opbevaringskasse_plast_miljoe_interdesign_alle_3.jpg\" alt=\"opbevaringskasse_plast_miljoe_interdesign_alle_3\" width=\"280\" height=\"280\" srcset=\"https:\/\/www.cubica.dk\/wp-content\/uploads\/2014\/03\/opbevaringskasse_plast_miljoe_interdesign_alle_3.jpg 600w, https:\/\/www.cubica.dk\/wp-content\/uploads\/2014\/03\/opbevaringskasse_plast_miljoe_interdesign_alle_3-150x150.jpg 150w, https:\/\/www.cubica.dk\/wp-content\/uploads\/2014\/03\/opbevaringskasse_plast_miljoe_interdesign_alle_3-300x300.jpg 300w\" sizes=\"auto, (max-width: 280px) 100vw, 280px\" \/><\/a><\/p>\n","protected":false},"excerpt":{"rendered":"<p>InterDesign Interdesign er vores amerikanske leverand\u00f8r af praktisk opbevaring i plast og akryl. De har et k\u00e6mpe udvalg af produkter til opbevaring i k\u00f8leskabet, til make up og til f\u00f8devarer, som vi f\u00f8rer det meste af. Virksomheden designer og producerer produkter til hjemmet, der kombinerer innovativt design, high-fashion og konkurrencedygtige priser. Kombinationen har givet InterDesign [&hellip;]<\/p>\n","protected":false},"author":2,"featured_media":0,"parent":4973,"menu_order":0,"comment_status":"closed","ping_status":"closed","template":"","meta":{"om_disable_all_campaigns":false,"_monsterinsights_skip_tracking":false,"_monsterinsights_sitenote_active":false,"_monsterinsights_sitenote_note":"","_monsterinsights_sitenote_category":0,"ngg_post_thumbnail":0,"footnotes":""},"class_list":["post-5007","page","type-page","status-publish","hentry"],"aioseo_notices":[],"_links":{"self":[{"href":"https:\/\/www.cubica.dk\/index.php?rest_route=\/wp\/v2\/pages\/5007","targetHints":{"allow":["GET"]}}],"collection":[{"href":"https:\/\/www.cubica.dk\/index.php?rest_route=\/wp\/v2\/pages"}],"about":[{"href":"https:\/\/www.cubica.dk\/index.php?rest_route=\/wp\/v2\/types\/page"}],"author":[{"embeddable":true,"href":"https:\/\/www.cubica.dk\/index.php?rest_route=\/wp\/v2\/users\/2"}],"replies":[{"embeddable":true,"href":"https:\/\/www.cubica.dk\/index.php?rest_route=%2Fwp%2Fv2%2Fcomments&post=5007"}],"version-history":[{"count":7,"href":"https:\/\/www.cubica.dk\/index.php?rest_route=\/wp\/v2\/pages\/5007\/revisions"}],"predecessor-version":[{"id":7157,"href":"https:\/\/www.cubica.dk\/index.php?rest_route=\/wp\/v2\/pages\/5007\/revisions\/7157"}],"up":[{"embeddable":true,"href":"https:\/\/www.cubica.dk\/index.php?rest_route=\/wp\/v2\/pages\/4973"}],"wp:attachment":[{"href":"https:\/\/www.cubica.dk\/index.php?rest_route=%2Fwp%2Fv2%2Fmedia&parent=5007"}],"curies":[{"name":"wp","href":"https:\/\/api.w.org\/{rel}","templated":true}]}}