{"id":6027,"date":"2016-04-05T20:08:43","date_gmt":"2016-04-05T18:08:43","guid":{"rendered":"http:\/\/cubica.dk\/?page_id=6027"},"modified":"2017-06-27T21:10:50","modified_gmt":"2017-06-27T19:10:50","slug":"nomess-copenhagen","status":"publish","type":"page","link":"https:\/\/www.cubica.dk\/?page_id=6027","title":{"rendered":"Nomess Copenhagen"},"content":{"rendered":"<h1>Nomess Copenhagen<\/h1>\n<p>Nomess designer og producerer h\u00f8jkvalitets akrylvarer til prim\u00e6rt bad og kontor, og vi f\u00f8rer hele sortimentet af akrylvarer til opbevaring. Nomess st\u00e5r for enkelt nordisk design, funktionelle produkter, h\u00f8j kvalitet og har en evne til altid at f\u00f8lge med tiden.<\/p>\n<p><a href=\"https:\/\/www.boxdelux.dk\/shop\/nomess-478c1.html\">Du kan se og k\u00f8be alt fra Nomess online her<\/a><\/p>\n<p><a href=\"http:\/\/www.boxdelux.dk\/shop\/cms-wildsearch.html?InitSearch=1&amp;Keyword=nomess&amp;Search=S%C3%B8g\" rel=\"attachment wp-att-6410\"><img loading=\"lazy\" decoding=\"async\" class=\"alignnone wp-image-6410\" src=\"http:\/\/cubica.dk\/wp-content\/uploads\/2016\/04\/a03.jpg\" alt=\"a03\" width=\"280\" height=\"280\" srcset=\"https:\/\/www.cubica.dk\/wp-content\/uploads\/2016\/04\/a03.jpg 600w, https:\/\/www.cubica.dk\/wp-content\/uploads\/2016\/04\/a03-150x150.jpg 150w, https:\/\/www.cubica.dk\/wp-content\/uploads\/2016\/04\/a03-300x300.jpg 300w\" sizes=\"auto, (max-width: 280px) 100vw, 280px\" \/><\/a>&nbsp; &nbsp; &nbsp; &nbsp;<a href=\"http:\/\/www.boxdelux.dk\/shop\/cms-wildsearch.html?InitSearch=1&amp;Keyword=nomess&amp;Search=S%C3%B8g\" rel=\"attachment wp-att-6411\"><img loading=\"lazy\" decoding=\"async\" class=\"alignnone wp-image-6411\" src=\"http:\/\/cubica.dk\/wp-content\/uploads\/2016\/04\/a04.jpg\" alt=\"a04\" width=\"280\" height=\"280\" srcset=\"https:\/\/www.cubica.dk\/wp-content\/uploads\/2016\/04\/a04.jpg 600w, https:\/\/www.cubica.dk\/wp-content\/uploads\/2016\/04\/a04-150x150.jpg 150w, https:\/\/www.cubica.dk\/wp-content\/uploads\/2016\/04\/a04-300x300.jpg 300w\" sizes=\"auto, (max-width: 280px) 100vw, 280px\" \/>&nbsp; &nbsp; &nbsp; &nbsp;<\/a><a href=\"http:\/\/www.boxdelux.dk\/shop\/cms-wildsearch.html?InitSearch=1&amp;Keyword=nomess&amp;Search=S%C3%B8g\" rel=\"attachment wp-att-6409\"><img loading=\"lazy\" decoding=\"async\" class=\"alignnone wp-image-6409\" src=\"http:\/\/cubica.dk\/wp-content\/uploads\/2016\/04\/a02-1.jpg\" alt=\"a02\" width=\"280\" height=\"280\" srcset=\"https:\/\/www.cubica.dk\/wp-content\/uploads\/2016\/04\/a02-1.jpg 600w, https:\/\/www.cubica.dk\/wp-content\/uploads\/2016\/04\/a02-1-150x150.jpg 150w, https:\/\/www.cubica.dk\/wp-content\/uploads\/2016\/04\/a02-1-300x300.jpg 300w\" sizes=\"auto, (max-width: 280px) 100vw, 280px\" \/><\/a><\/p>\n<p><a href=\"http:\/\/www.boxdelux.dk\/shop\/cms-wildsearch.html?InitSearch=1&amp;Keyword=nomess&amp;Search=S%C3%B8g\" rel=\"attachment wp-att-6420\"><img loading=\"lazy\" decoding=\"async\" class=\"alignnone size-thumbnail wp-image-6420\" src=\"http:\/\/cubica.dk\/wp-content\/uploads\/2016\/04\/brochureholder-a4-150x150.jpg\" alt=\"brochureholder-a4\" width=\"150\" height=\"150\" srcset=\"https:\/\/www.cubica.dk\/wp-content\/uploads\/2016\/04\/brochureholder-a4-150x150.jpg 150w, https:\/\/www.cubica.dk\/wp-content\/uploads\/2016\/04\/brochureholder-a4-300x300.jpg 300w, https:\/\/www.cubica.dk\/wp-content\/uploads\/2016\/04\/brochureholder-a4.jpg 500w\" sizes=\"auto, (max-width: 150px) 100vw, 150px\" \/><\/a>&nbsp;&nbsp;<a href=\"http:\/\/www.boxdelux.dk\/shop\/cms-wildsearch.html?InitSearch=1&amp;Keyword=nomess&amp;Search=S%C3%B8g\" rel=\"attachment wp-att-6417\"><img loading=\"lazy\" decoding=\"async\" class=\"alignnone size-thumbnail wp-image-6417\" src=\"http:\/\/cubica.dk\/wp-content\/uploads\/2016\/04\/skoaeske_2-150x150.jpg\" alt=\"skoaeske_2\" width=\"150\" height=\"150\" srcset=\"https:\/\/www.cubica.dk\/wp-content\/uploads\/2016\/04\/skoaeske_2-150x150.jpg 150w, https:\/\/www.cubica.dk\/wp-content\/uploads\/2016\/04\/skoaeske_2-300x300.jpg 300w, https:\/\/www.cubica.dk\/wp-content\/uploads\/2016\/04\/skoaeske_2.jpg 500w\" sizes=\"auto, (max-width: 150px) 100vw, 150px\" \/><\/a>&nbsp;&nbsp;<a href=\"http:\/\/www.boxdelux.dk\/shop\/cms-wildsearch.html?InitSearch=1&amp;Keyword=nomess&amp;Search=S%C3%B8g\" rel=\"attachment wp-att-6413\"><img loading=\"lazy\" decoding=\"async\" class=\"alignnone size-thumbnail wp-image-6413\" src=\"http:\/\/cubica.dk\/wp-content\/uploads\/2016\/04\/nomess_smykkeskrin_clear-150x150.jpg\" alt=\"nomess_smykkeskrin_clear\" width=\"150\" height=\"150\" srcset=\"https:\/\/www.cubica.dk\/wp-content\/uploads\/2016\/04\/nomess_smykkeskrin_clear-150x150.jpg 150w, https:\/\/www.cubica.dk\/wp-content\/uploads\/2016\/04\/nomess_smykkeskrin_clear-300x300.jpg 300w, https:\/\/www.cubica.dk\/wp-content\/uploads\/2016\/04\/nomess_smykkeskrin_clear.jpg 600w\" sizes=\"auto, (max-width: 150px) 100vw, 150px\" \/><\/a>&nbsp;<a href=\"http:\/\/www.boxdelux.dk\/shop\/cms-wildsearch.html?InitSearch=1&amp;Keyword=nomess&amp;Search=S%C3%B8g\" rel=\"attachment wp-att-6417\"><img loading=\"lazy\" decoding=\"async\" class=\"alignnone size-thumbnail wp-image-6415\" src=\"http:\/\/cubica.dk\/wp-content\/uploads\/2016\/04\/showall_l_nomess_akrylaeske-1-150x150.jpg\" alt=\"showall_l_nomess_akrylaeske (1)\" width=\"150\" height=\"150\" srcset=\"https:\/\/www.cubica.dk\/wp-content\/uploads\/2016\/04\/showall_l_nomess_akrylaeske-1-150x150.jpg 150w, https:\/\/www.cubica.dk\/wp-content\/uploads\/2016\/04\/showall_l_nomess_akrylaeske-1-300x300.jpg 300w, https:\/\/www.cubica.dk\/wp-content\/uploads\/2016\/04\/showall_l_nomess_akrylaeske-1.jpg 600w\" sizes=\"auto, (max-width: 150px) 100vw, 150px\" \/><\/a> &nbsp;<a href=\"http:\/\/www.boxdelux.dk\/shop\/cms-wildsearch.html?InitSearch=1&amp;Keyword=nomess&amp;Search=S%C3%B8g\" rel=\"attachment wp-att-6418\"><img loading=\"lazy\" decoding=\"async\" class=\"alignnone size-thumbnail wp-image-6418\" src=\"http:\/\/cubica.dk\/wp-content\/uploads\/2016\/04\/nomess_makeup_xl-150x150.jpg\" alt=\"nomess_makeup_xl\" width=\"150\" height=\"150\" srcset=\"https:\/\/www.cubica.dk\/wp-content\/uploads\/2016\/04\/nomess_makeup_xl-150x150.jpg 150w, https:\/\/www.cubica.dk\/wp-content\/uploads\/2016\/04\/nomess_makeup_xl-300x300.jpg 300w, https:\/\/www.cubica.dk\/wp-content\/uploads\/2016\/04\/nomess_makeup_xl.jpg 500w\" sizes=\"auto, (max-width: 150px) 100vw, 150px\" \/><\/a><img loading=\"lazy\" decoding=\"async\" class=\"alignnone size-thumbnail wp-image-6419\" src=\"http:\/\/cubica.dk\/wp-content\/uploads\/2016\/04\/twin_akryl-150x150.jpg\" alt=\"twin_akryl\" width=\"150\" height=\"150\" srcset=\"https:\/\/www.cubica.dk\/wp-content\/uploads\/2016\/04\/twin_akryl-150x150.jpg 150w, https:\/\/www.cubica.dk\/wp-content\/uploads\/2016\/04\/twin_akryl-300x300.jpg 300w, https:\/\/www.cubica.dk\/wp-content\/uploads\/2016\/04\/twin_akryl.jpg 500w\" sizes=\"auto, (max-width: 150px) 100vw, 150px\" \/><\/p>\n<p>&nbsp;<\/p>\n","protected":false},"excerpt":{"rendered":"<p>Nomess Copenhagen Nomess designer og producerer h\u00f8jkvalitets akrylvarer til prim\u00e6rt bad og kontor, og vi f\u00f8rer hele sortimentet af akrylvarer til opbevaring. Nomess st\u00e5r for enkelt nordisk design, funktionelle produkter, h\u00f8j kvalitet og har en evne til altid at f\u00f8lge med tiden. Du kan se og k\u00f8be alt fra Nomess online her &nbsp; &nbsp; &nbsp; [&hellip;]<\/p>\n","protected":false},"author":1,"featured_media":0,"parent":4973,"menu_order":0,"comment_status":"closed","ping_status":"closed","template":"","meta":{"om_disable_all_campaigns":false,"_monsterinsights_skip_tracking":false,"_monsterinsights_sitenote_active":false,"_monsterinsights_sitenote_note":"","_monsterinsights_sitenote_category":0,"ngg_post_thumbnail":0,"footnotes":""},"class_list":["post-6027","page","type-page","status-publish","hentry"],"aioseo_notices":[],"_links":{"self":[{"href":"https:\/\/www.cubica.dk\/index.php?rest_route=\/wp\/v2\/pages\/6027","targetHints":{"allow":["GET"]}}],"collection":[{"href":"https:\/\/www.cubica.dk\/index.php?rest_route=\/wp\/v2\/pages"}],"about":[{"href":"https:\/\/www.cubica.dk\/index.php?rest_route=\/wp\/v2\/types\/page"}],"author":[{"embeddable":true,"href":"https:\/\/www.cubica.dk\/index.php?rest_route=\/wp\/v2\/users\/1"}],"replies":[{"embeddable":true,"href":"https:\/\/www.cubica.dk\/index.php?rest_route=%2Fwp%2Fv2%2Fcomments&post=6027"}],"version-history":[{"count":8,"href":"https:\/\/www.cubica.dk\/index.php?rest_route=\/wp\/v2\/pages\/6027\/revisions"}],"predecessor-version":[{"id":7163,"href":"https:\/\/www.cubica.dk\/index.php?rest_route=\/wp\/v2\/pages\/6027\/revisions\/7163"}],"up":[{"embeddable":true,"href":"https:\/\/www.cubica.dk\/index.php?rest_route=\/wp\/v2\/pages\/4973"}],"wp:attachment":[{"href":"https:\/\/www.cubica.dk\/index.php?rest_route=%2Fwp%2Fv2%2Fmedia&parent=6027"}],"curies":[{"name":"wp","href":"https:\/\/api.w.org\/{rel}","templated":true}]}}