{"id":6124,"date":"2016-04-07T12:58:55","date_gmt":"2016-04-07T10:58:55","guid":{"rendered":"http:\/\/cubica.dk\/?page_id=6124"},"modified":"2017-06-27T21:12:12","modified_gmt":"2017-06-27T19:12:12","slug":"rastablanche","status":"publish","type":"page","link":"https:\/\/www.cubica.dk\/?page_id=6124","title":{"rendered":"Rastablanche"},"content":{"rendered":"<h1>Rastablanche<\/h1>\n<p>Rastablance ejes af Christina og er beliggende i Tisvildeleje. Christina rejser Indien tynd for inspiration og nye varer til hendes lille butik hjemme i Tisvildeleje.<\/p>\n<p>Hos BOXdeLUX.dk s\u00e6lger vi nogle af de mange smukke og sk\u00f8nne plastt\u00e6pper som Christina selv f\u00e5r lavet i Indien. Find mange forskellige farver, m\u00f8nstre og st\u00f8rrelser i vores online butik.<\/p>\n<p><a href=\"https:\/\/www.boxdelux.dk\/shop\/rastablanche-472c1.html\" target=\"_blank\" rel=\"noopener\">K\u00f8b plastt\u00e6pper fra Rastablanche online lige her<\/a><\/p>\n<p><a href=\"http:\/\/www.boxdelux.dk\/shop\/search-1.html?keyword=rastablanche&amp;AdvSearch=1\" rel=\"attachment wp-att-6425\"><img loading=\"lazy\" decoding=\"async\" class=\"alignnone size-thumbnail wp-image-6425\" src=\"http:\/\/cubica.dk\/wp-content\/uploads\/2016\/04\/plasttaepper_gul_elfenben_3-1-150x150.jpg\" alt=\"plasttaepper_gul_elfenben_3 (1)\" width=\"150\" height=\"150\" srcset=\"https:\/\/www.cubica.dk\/wp-content\/uploads\/2016\/04\/plasttaepper_gul_elfenben_3-1-150x150.jpg 150w, https:\/\/www.cubica.dk\/wp-content\/uploads\/2016\/04\/plasttaepper_gul_elfenben_3-1-300x300.jpg 300w, https:\/\/www.cubica.dk\/wp-content\/uploads\/2016\/04\/plasttaepper_gul_elfenben_3-1.jpg 600w\" sizes=\"auto, (max-width: 150px) 100vw, 150px\" \/><\/a> <a href=\"http:\/\/www.boxdelux.dk\/shop\/search-1.html?keyword=rastablanche&amp;AdvSearch=1\" rel=\"attachment wp-att-6426\"><img loading=\"lazy\" decoding=\"async\" class=\"alignnone size-thumbnail wp-image-6426\" src=\"http:\/\/cubica.dk\/wp-content\/uploads\/2016\/04\/plasttaepper_kiwi_groen_3-150x150.jpg\" alt=\"plasttaepper_kiwi_groen_3\" width=\"150\" height=\"150\" srcset=\"https:\/\/www.cubica.dk\/wp-content\/uploads\/2016\/04\/plasttaepper_kiwi_groen_3-150x150.jpg 150w, https:\/\/www.cubica.dk\/wp-content\/uploads\/2016\/04\/plasttaepper_kiwi_groen_3-300x300.jpg 300w, https:\/\/www.cubica.dk\/wp-content\/uploads\/2016\/04\/plasttaepper_kiwi_groen_3.jpg 600w\" sizes=\"auto, (max-width: 150px) 100vw, 150px\" \/><\/a> <a href=\"http:\/\/www.boxdelux.dk\/shop\/search-1.html?keyword=rastablanche&amp;AdvSearch=1\" rel=\"attachment wp-att-6427\"><img loading=\"lazy\" decoding=\"async\" class=\"alignnone size-thumbnail wp-image-6427\" src=\"http:\/\/cubica.dk\/wp-content\/uploads\/2016\/04\/plasttaepper_lille_elfenben_3-150x150.jpg\" alt=\"plasttaepper_lille_elfenben_3\" width=\"150\" height=\"150\" srcset=\"https:\/\/www.cubica.dk\/wp-content\/uploads\/2016\/04\/plasttaepper_lille_elfenben_3-150x150.jpg 150w, https:\/\/www.cubica.dk\/wp-content\/uploads\/2016\/04\/plasttaepper_lille_elfenben_3-300x300.jpg 300w, https:\/\/www.cubica.dk\/wp-content\/uploads\/2016\/04\/plasttaepper_lille_elfenben_3.jpg 600w\" sizes=\"auto, (max-width: 150px) 100vw, 150px\" \/><\/a> <a href=\"http:\/\/www.boxdelux.dk\/shop\/search-1.html?keyword=rastablanche&amp;AdvSearch=1\" rel=\"attachment wp-att-6428\"><img loading=\"lazy\" decoding=\"async\" class=\"alignnone size-thumbnail wp-image-6428\" src=\"http:\/\/cubica.dk\/wp-content\/uploads\/2016\/04\/plasttaepper_lyseroed_elfenben_4-150x150.jpg\" alt=\"plasttaepper_lyseroed_elfenben_4\" width=\"150\" height=\"150\" srcset=\"https:\/\/www.cubica.dk\/wp-content\/uploads\/2016\/04\/plasttaepper_lyseroed_elfenben_4-150x150.jpg 150w, https:\/\/www.cubica.dk\/wp-content\/uploads\/2016\/04\/plasttaepper_lyseroed_elfenben_4-300x300.jpg 300w, https:\/\/www.cubica.dk\/wp-content\/uploads\/2016\/04\/plasttaepper_lyseroed_elfenben_4.jpg 600w\" sizes=\"auto, (max-width: 150px) 100vw, 150px\" \/><\/a> <a href=\"http:\/\/www.boxdelux.dk\/shop\/search-1.html?keyword=rastablanche&amp;AdvSearch=1\" rel=\"attachment wp-att-6429\"><img loading=\"lazy\" decoding=\"async\" class=\"alignnone size-thumbnail wp-image-6429\" src=\"http:\/\/cubica.dk\/wp-content\/uploads\/2016\/04\/plasttaepper_sort_elfenben_2-150x150.jpg\" alt=\"plasttaepper_sort_elfenben_2\" width=\"150\" height=\"150\" srcset=\"https:\/\/www.cubica.dk\/wp-content\/uploads\/2016\/04\/plasttaepper_sort_elfenben_2-150x150.jpg 150w, https:\/\/www.cubica.dk\/wp-content\/uploads\/2016\/04\/plasttaepper_sort_elfenben_2-300x300.jpg 300w, https:\/\/www.cubica.dk\/wp-content\/uploads\/2016\/04\/plasttaepper_sort_elfenben_2.jpg 600w\" sizes=\"auto, (max-width: 150px) 100vw, 150px\" \/><\/a> <a href=\"http:\/\/www.boxdelux.dk\/shop\/search-1.html?keyword=rastablanche&amp;AdvSearch=1\" rel=\"attachment wp-att-6430\"><img loading=\"lazy\" decoding=\"async\" class=\"alignnone size-thumbnail wp-image-6430\" src=\"http:\/\/cubica.dk\/wp-content\/uploads\/2016\/04\/plasttaepper_turkis_elfenben_3-150x150.jpg\" alt=\"plasttaepper_turkis_elfenben_3\" width=\"150\" height=\"150\" srcset=\"https:\/\/www.cubica.dk\/wp-content\/uploads\/2016\/04\/plasttaepper_turkis_elfenben_3-150x150.jpg 150w, https:\/\/www.cubica.dk\/wp-content\/uploads\/2016\/04\/plasttaepper_turkis_elfenben_3-300x300.jpg 300w, https:\/\/www.cubica.dk\/wp-content\/uploads\/2016\/04\/plasttaepper_turkis_elfenben_3.jpg 600w\" sizes=\"auto, (max-width: 150px) 100vw, 150px\" \/><\/a><\/p>\n","protected":false},"excerpt":{"rendered":"<p>Rastablanche Rastablance ejes af Christina og er beliggende i Tisvildeleje. Christina rejser Indien tynd for inspiration og nye varer til hendes lille butik hjemme i Tisvildeleje. Hos BOXdeLUX.dk s\u00e6lger vi nogle af de mange smukke og sk\u00f8nne plastt\u00e6pper som Christina selv f\u00e5r lavet i Indien. Find mange forskellige farver, m\u00f8nstre og st\u00f8rrelser i vores online [&hellip;]<\/p>\n","protected":false},"author":2,"featured_media":0,"parent":4973,"menu_order":0,"comment_status":"closed","ping_status":"closed","template":"","meta":{"om_disable_all_campaigns":false,"_monsterinsights_skip_tracking":false,"_monsterinsights_sitenote_active":false,"_monsterinsights_sitenote_note":"","_monsterinsights_sitenote_category":0,"ngg_post_thumbnail":0,"footnotes":""},"class_list":["post-6124","page","type-page","status-publish","hentry"],"aioseo_notices":[],"_links":{"self":[{"href":"https:\/\/www.cubica.dk\/index.php?rest_route=\/wp\/v2\/pages\/6124","targetHints":{"allow":["GET"]}}],"collection":[{"href":"https:\/\/www.cubica.dk\/index.php?rest_route=\/wp\/v2\/pages"}],"about":[{"href":"https:\/\/www.cubica.dk\/index.php?rest_route=\/wp\/v2\/types\/page"}],"author":[{"embeddable":true,"href":"https:\/\/www.cubica.dk\/index.php?rest_route=\/wp\/v2\/users\/2"}],"replies":[{"embeddable":true,"href":"https:\/\/www.cubica.dk\/index.php?rest_route=%2Fwp%2Fv2%2Fcomments&post=6124"}],"version-history":[{"count":6,"href":"https:\/\/www.cubica.dk\/index.php?rest_route=\/wp\/v2\/pages\/6124\/revisions"}],"predecessor-version":[{"id":7166,"href":"https:\/\/www.cubica.dk\/index.php?rest_route=\/wp\/v2\/pages\/6124\/revisions\/7166"}],"up":[{"embeddable":true,"href":"https:\/\/www.cubica.dk\/index.php?rest_route=\/wp\/v2\/pages\/4973"}],"wp:attachment":[{"href":"https:\/\/www.cubica.dk\/index.php?rest_route=%2Fwp%2Fv2%2Fmedia&parent=6124"}],"curies":[{"name":"wp","href":"https:\/\/api.w.org\/{rel}","templated":true}]}}