{"id":6151,"date":"2016-04-07T15:26:14","date_gmt":"2016-04-07T13:26:14","guid":{"rendered":"http:\/\/cubica.dk\/?page_id=6151"},"modified":"2017-06-27T21:12:28","modified_gmt":"2017-06-27T19:12:28","slug":"reenbergs","status":"publish","type":"page","link":"https:\/\/www.cubica.dk\/?page_id=6151","title":{"rendered":"Reenbergs"},"content":{"rendered":"<h1>Reenbergs<\/h1>\n<p>Reenbergs er et dansk firma ejet af Grethe og Line der opfinder og producerer innovative produkter til hjemmet. For de to danskere er det vigtigt at alt lige fra id\u00e9 til f\u00e6rdigt produkt sker p\u00e5 dansk jord.<\/p>\n<p>Reenbergs laver smarte l\u00f8sninger til hjemmet hvor du kan h\u00e6nge ting p\u00e5 v\u00e6ggen, h\u00e5ndvasken, skabet osv. uden at skulle bore huller. Produkterne er lavet med magneter i h\u00f8j kvalitet der kan holde lidt af hvert.<br \/>\nHos BOXdeLUX.dk finder du et stort udvalg af de magnetiske l\u00f8sninger til hjemmet.<\/p>\n<p><a href=\"https:\/\/www.boxdelux.dk\/shop\/reenbergs-474c1.html\" target=\"_blank\" rel=\"noopener\">Se udvalget, og k\u00f8b online lige her.<\/a><\/p>\n<p><a href=\"http:\/\/www.boxdelux.dk\/shop\/search-1.html?keyword=reenbergs&amp;AdvSearch=1\" rel=\"attachment wp-att-6153\"><img loading=\"lazy\" decoding=\"async\" class=\"alignnone wp-image-6153 size-thumbnail\" src=\"http:\/\/cubica.dk\/wp-content\/uploads\/2016\/04\/knage_magnetisk_miks_reenberg2-150x150.jpg\" alt=\"knage_magnetisk_miks_reenberg2\" width=\"150\" height=\"150\" srcset=\"https:\/\/www.cubica.dk\/wp-content\/uploads\/2016\/04\/knage_magnetisk_miks_reenberg2-150x150.jpg 150w, https:\/\/www.cubica.dk\/wp-content\/uploads\/2016\/04\/knage_magnetisk_miks_reenberg2-300x300.jpg 300w, https:\/\/www.cubica.dk\/wp-content\/uploads\/2016\/04\/knage_magnetisk_miks_reenberg2.jpg 600w\" sizes=\"auto, (max-width: 150px) 100vw, 150px\" \/><\/a> &nbsp;<a href=\"http:\/\/www.boxdelux.dk\/shop\/search-1.html?keyword=reenbergs&amp;AdvSearch=1\" rel=\"attachment wp-att-6158\"><img loading=\"lazy\" decoding=\"async\" class=\"alignnone wp-image-6158 size-thumbnail\" src=\"http:\/\/cubica.dk\/wp-content\/uploads\/2016\/04\/viskestykkeholder_sort_magnetiske_reenberg-150x150.jpg\" alt=\"viskestykkeholder_sort_magnetiske_reenberg\" width=\"150\" height=\"150\" srcset=\"https:\/\/www.cubica.dk\/wp-content\/uploads\/2016\/04\/viskestykkeholder_sort_magnetiske_reenberg-150x150.jpg 150w, https:\/\/www.cubica.dk\/wp-content\/uploads\/2016\/04\/viskestykkeholder_sort_magnetiske_reenberg-300x300.jpg 300w, https:\/\/www.cubica.dk\/wp-content\/uploads\/2016\/04\/viskestykkeholder_sort_magnetiske_reenberg.jpg 600w\" sizes=\"auto, (max-width: 150px) 100vw, 150px\" \/><\/a>&nbsp;<a href=\"http:\/\/cubica.dk\/wp-content\/uploads\/2016\/04\/reenberg_karkludholder_sort_fleksibel1.jpg\" rel=\"attachment wp-att-6157\">&nbsp;<\/a><a href=\"http:\/\/www.boxdelux.dk\/shop\/search-1.html?keyword=reenbergs&amp;AdvSearch=1\" rel=\"attachment wp-att-6157\"><img loading=\"lazy\" decoding=\"async\" class=\"alignnone wp-image-6155 size-thumbnail\" src=\"http:\/\/cubica.dk\/wp-content\/uploads\/2016\/04\/knage_magnetisk_sort_reenberg2-150x150.jpg\" alt=\"knage_magnetisk_sort_reenberg2\" width=\"150\" height=\"150\" srcset=\"https:\/\/www.cubica.dk\/wp-content\/uploads\/2016\/04\/knage_magnetisk_sort_reenberg2-150x150.jpg 150w, https:\/\/www.cubica.dk\/wp-content\/uploads\/2016\/04\/knage_magnetisk_sort_reenberg2-300x300.jpg 300w, https:\/\/www.cubica.dk\/wp-content\/uploads\/2016\/04\/knage_magnetisk_sort_reenberg2.jpg 600w\" sizes=\"auto, (max-width: 150px) 100vw, 150px\" \/><\/a><a href=\"http:\/\/cubica.dk\/wp-content\/uploads\/2016\/04\/reenberg_karkludholder_sort_fleksibel1.jpg\" rel=\"attachment wp-att-6157\">&nbsp;<\/a>&nbsp;<a href=\"http:\/\/www.boxdelux.dk\/shop\/search-1.html?keyword=reenbergs&amp;AdvSearch=1\" rel=\"attachment wp-att-6157\"><img loading=\"lazy\" decoding=\"async\" class=\"alignnone wp-image-6157 size-thumbnail\" src=\"http:\/\/cubica.dk\/wp-content\/uploads\/2016\/04\/reenberg_karkludholder_sort_fleksibel1-150x150.jpg\" alt=\"reenberg_karkludholder_sort_fleksibel1\" width=\"150\" height=\"150\" srcset=\"https:\/\/www.cubica.dk\/wp-content\/uploads\/2016\/04\/reenberg_karkludholder_sort_fleksibel1-150x150.jpg 150w, https:\/\/www.cubica.dk\/wp-content\/uploads\/2016\/04\/reenberg_karkludholder_sort_fleksibel1-300x300.jpg 300w, https:\/\/www.cubica.dk\/wp-content\/uploads\/2016\/04\/reenberg_karkludholder_sort_fleksibel1.jpg 600w\" sizes=\"auto, (max-width: 150px) 100vw, 150px\" \/><\/a>&nbsp;<a href=\"http:\/\/cubica.dk\/wp-content\/uploads\/2016\/04\/magnetisk_opvaskeboerst_svampe_holder_reenberg4.jpg\" rel=\"attachment wp-att-6156\">&nbsp;<\/a><a href=\"http:\/\/www.boxdelux.dk\/shop\/search-1.html?keyword=reenbergs&amp;AdvSearch=1\" rel=\"attachment wp-att-6156\"><img loading=\"lazy\" decoding=\"async\" class=\"alignnone wp-image-6156 size-thumbnail\" src=\"http:\/\/cubica.dk\/wp-content\/uploads\/2016\/04\/magnetisk_opvaskeboerst_svampe_holder_reenberg4-150x150.jpg\" alt=\"magnetisk_opvaskeboerst_svampe_holder_reenberg4\" width=\"150\" height=\"150\" srcset=\"https:\/\/www.cubica.dk\/wp-content\/uploads\/2016\/04\/magnetisk_opvaskeboerst_svampe_holder_reenberg4-150x150.jpg 150w, https:\/\/www.cubica.dk\/wp-content\/uploads\/2016\/04\/magnetisk_opvaskeboerst_svampe_holder_reenberg4-300x300.jpg 300w, https:\/\/www.cubica.dk\/wp-content\/uploads\/2016\/04\/magnetisk_opvaskeboerst_svampe_holder_reenberg4.jpg 600w\" sizes=\"auto, (max-width: 150px) 100vw, 150px\" \/><\/a>&nbsp;&nbsp;<a href=\"http:\/\/www.boxdelux.dk\/shop\/search-1.html?keyword=reenbergs&amp;AdvSearch=1\" rel=\"attachment wp-att-6156\"><img loading=\"lazy\" decoding=\"async\" class=\"alignnone wp-image-6152 size-thumbnail\" src=\"http:\/\/cubica.dk\/wp-content\/uploads\/2016\/04\/karkludholder_rustfrit_staal_magnetisk_reenberg-150x150.jpg\" alt=\"karkludholder_rustfrit_staal_magnetisk_reenberg\" width=\"150\" height=\"150\" srcset=\"https:\/\/www.cubica.dk\/wp-content\/uploads\/2016\/04\/karkludholder_rustfrit_staal_magnetisk_reenberg-150x150.jpg 150w, https:\/\/www.cubica.dk\/wp-content\/uploads\/2016\/04\/karkludholder_rustfrit_staal_magnetisk_reenberg-300x300.jpg 300w, https:\/\/www.cubica.dk\/wp-content\/uploads\/2016\/04\/karkludholder_rustfrit_staal_magnetisk_reenberg.jpg 600w\" sizes=\"auto, (max-width: 150px) 100vw, 150px\" \/><\/a><\/p>\n","protected":false},"excerpt":{"rendered":"<p>Reenbergs Reenbergs er et dansk firma ejet af Grethe og Line der opfinder og producerer innovative produkter til hjemmet. For de to danskere er det vigtigt at alt lige fra id\u00e9 til f\u00e6rdigt produkt sker p\u00e5 dansk jord. Reenbergs laver smarte l\u00f8sninger til hjemmet hvor du kan h\u00e6nge ting p\u00e5 v\u00e6ggen, h\u00e5ndvasken, skabet osv. uden [&hellip;]<\/p>\n","protected":false},"author":2,"featured_media":0,"parent":4973,"menu_order":0,"comment_status":"closed","ping_status":"closed","template":"","meta":{"om_disable_all_campaigns":false,"_monsterinsights_skip_tracking":false,"_monsterinsights_sitenote_active":false,"_monsterinsights_sitenote_note":"","_monsterinsights_sitenote_category":0,"ngg_post_thumbnail":0,"footnotes":""},"class_list":["post-6151","page","type-page","status-publish","hentry"],"aioseo_notices":[],"_links":{"self":[{"href":"https:\/\/www.cubica.dk\/index.php?rest_route=\/wp\/v2\/pages\/6151","targetHints":{"allow":["GET"]}}],"collection":[{"href":"https:\/\/www.cubica.dk\/index.php?rest_route=\/wp\/v2\/pages"}],"about":[{"href":"https:\/\/www.cubica.dk\/index.php?rest_route=\/wp\/v2\/types\/page"}],"author":[{"embeddable":true,"href":"https:\/\/www.cubica.dk\/index.php?rest_route=\/wp\/v2\/users\/2"}],"replies":[{"embeddable":true,"href":"https:\/\/www.cubica.dk\/index.php?rest_route=%2Fwp%2Fv2%2Fcomments&post=6151"}],"version-history":[{"count":5,"href":"https:\/\/www.cubica.dk\/index.php?rest_route=\/wp\/v2\/pages\/6151\/revisions"}],"predecessor-version":[{"id":7167,"href":"https:\/\/www.cubica.dk\/index.php?rest_route=\/wp\/v2\/pages\/6151\/revisions\/7167"}],"up":[{"embeddable":true,"href":"https:\/\/www.cubica.dk\/index.php?rest_route=\/wp\/v2\/pages\/4973"}],"wp:attachment":[{"href":"https:\/\/www.cubica.dk\/index.php?rest_route=%2Fwp%2Fv2%2Fmedia&parent=6151"}],"curies":[{"name":"wp","href":"https:\/\/api.w.org\/{rel}","templated":true}]}}