{"id":6172,"date":"2016-04-07T15:44:51","date_gmt":"2016-04-07T13:44:51","guid":{"rendered":"http:\/\/cubica.dk\/?page_id=6172"},"modified":"2017-06-27T21:07:07","modified_gmt":"2017-06-27T19:07:07","slug":"hubsch","status":"publish","type":"page","link":"https:\/\/www.cubica.dk\/?page_id=6172","title":{"rendered":"H\u00fcbsch"},"content":{"rendered":"<h1>H\u00fcbsch<\/h1>\n<p>H\u00fcbsch er en dansk virksomhed der har haft stor succes de seneste \u00e5r. Deres unikke stil g\u00f8r det let for forbrugeren at g\u00f8re sit hjem personligt med et flot og skandinavisk udtryk. H\u00fcbsch designer og udvikler selv deres produkter i Danmark. Selve produktionen foreg\u00e5r i hele verden, dog prim\u00e6rt i Fjern\u00f8sten under bedst mulige forhold for b\u00e5de mennesker s\u00e5vel som milj\u00f8et.<\/p>\n<p>H\u00fcbsch er vores store leverand\u00f8r af l\u00e6kkert interi\u00f8r i blandt andet massivt egetr\u00e6. Du finder kasser, \u00e6sker, hylder, borde, sm\u00e5 kommoder og et v\u00e6ld af urtepotter og kurve.<\/p>\n<p><a href=\"https:\/\/www.boxdelux.dk\/shop\/hubsch-486c1.html\" target=\"_blank\" rel=\"noopener\">Se vores store udvalg af H\u00fcbsch interi\u00f8r lige her og k\u00f8b let og enkelt online i dag.<\/a><\/p>\n<p><a href=\"http:\/\/www.boxdelux.dk\/shop\/cms-wildsearch.html?InitSearch=1&amp;Keyword=hubsch&amp;Search=S%C3%B8g\"><img loading=\"lazy\" decoding=\"async\" class=\"alignnone wp-image-6175\" src=\"http:\/\/cubica.dk\/wp-content\/uploads\/2016\/04\/hubsch-hylde.jpg\" alt=\"hubsch-hylde\" width=\"280\" height=\"280\" srcset=\"https:\/\/www.cubica.dk\/wp-content\/uploads\/2016\/04\/hubsch-hylde.jpg 600w, https:\/\/www.cubica.dk\/wp-content\/uploads\/2016\/04\/hubsch-hylde-150x150.jpg 150w, https:\/\/www.cubica.dk\/wp-content\/uploads\/2016\/04\/hubsch-hylde-300x300.jpg 300w\" sizes=\"auto, (max-width: 280px) 100vw, 280px\" \/><\/a>&nbsp; &nbsp; &nbsp; &nbsp; &nbsp;&nbsp;<a href=\"http:\/\/www.boxdelux.dk\/shop\/cms-wildsearch.html?InitSearch=1&amp;Keyword=hubsch&amp;Search=S%C3%B8g\" rel=\"attachment wp-att-6174\"><img loading=\"lazy\" decoding=\"async\" class=\"alignnone wp-image-6174\" src=\"http:\/\/cubica.dk\/wp-content\/uploads\/2016\/04\/hubschbaenk.jpg\" alt=\"hubschbaenk\" width=\"280\" height=\"280\" srcset=\"https:\/\/www.cubica.dk\/wp-content\/uploads\/2016\/04\/hubschbaenk.jpg 600w, https:\/\/www.cubica.dk\/wp-content\/uploads\/2016\/04\/hubschbaenk-150x150.jpg 150w, https:\/\/www.cubica.dk\/wp-content\/uploads\/2016\/04\/hubschbaenk-300x300.jpg 300w\" sizes=\"auto, (max-width: 280px) 100vw, 280px\" \/><\/a>&nbsp; &nbsp; &nbsp; &nbsp; &nbsp;<a href=\"http:\/\/www.boxdelux.dk\/shop\/cms-wildsearch.html?InitSearch=1&amp;Keyword=hubsch&amp;Search=S%C3%B8g\" rel=\"attachment wp-att-6173\"><img loading=\"lazy\" decoding=\"async\" class=\"alignnone wp-image-6173\" src=\"http:\/\/cubica.dk\/wp-content\/uploads\/2016\/04\/hubsch_kurve.jpg\" alt=\"hubsch_kurve\" width=\"280\" height=\"280\" srcset=\"https:\/\/www.cubica.dk\/wp-content\/uploads\/2016\/04\/hubsch_kurve.jpg 600w, https:\/\/www.cubica.dk\/wp-content\/uploads\/2016\/04\/hubsch_kurve-150x150.jpg 150w, https:\/\/www.cubica.dk\/wp-content\/uploads\/2016\/04\/hubsch_kurve-300x300.jpg 300w\" sizes=\"auto, (max-width: 280px) 100vw, 280px\" \/><\/a><\/p>\n<p><a href=\"http:\/\/www.boxdelux.dk\/shop\/cms-wildsearch.html?InitSearch=1&amp;Keyword=hubsch&amp;Search=S%C3%B8g\" rel=\"attachment wp-att-6372\"><img loading=\"lazy\" decoding=\"async\" class=\"alignnone size-thumbnail wp-image-6372\" src=\"http:\/\/cubica.dk\/wp-content\/uploads\/2016\/04\/hubsch_miljoe_spring_summer16_ekstrabilleder5-150x150.jpg\" alt=\"H\u00fcbsch finder du hos BOXdeLUX\" width=\"150\" height=\"150\" srcset=\"https:\/\/www.cubica.dk\/wp-content\/uploads\/2016\/04\/hubsch_miljoe_spring_summer16_ekstrabilleder5-150x150.jpg 150w, https:\/\/www.cubica.dk\/wp-content\/uploads\/2016\/04\/hubsch_miljoe_spring_summer16_ekstrabilleder5-300x300.jpg 300w, https:\/\/www.cubica.dk\/wp-content\/uploads\/2016\/04\/hubsch_miljoe_spring_summer16_ekstrabilleder5.jpg 600w\" sizes=\"auto, (max-width: 150px) 100vw, 150px\" \/><\/a> <a href=\"http:\/\/www.boxdelux.dk\/shop\/cms-wildsearch.html?InitSearch=1&amp;Keyword=hubsch&amp;Search=S%C3%B8g\" rel=\"attachment wp-att-6374\"><img loading=\"lazy\" decoding=\"async\" class=\"alignnone size-thumbnail wp-image-6374\" src=\"http:\/\/cubica.dk\/wp-content\/uploads\/2016\/04\/hubsch_miljoe_spring_summer16_ekstrabilleder1-150x150.jpg\" alt=\"H\u00fcbsch finder du hos BOXdeLUX\" width=\"150\" height=\"150\" srcset=\"https:\/\/www.cubica.dk\/wp-content\/uploads\/2016\/04\/hubsch_miljoe_spring_summer16_ekstrabilleder1-150x150.jpg 150w, https:\/\/www.cubica.dk\/wp-content\/uploads\/2016\/04\/hubsch_miljoe_spring_summer16_ekstrabilleder1-300x300.jpg 300w, https:\/\/www.cubica.dk\/wp-content\/uploads\/2016\/04\/hubsch_miljoe_spring_summer16_ekstrabilleder1.jpg 600w\" sizes=\"auto, (max-width: 150px) 100vw, 150px\" \/><\/a> <a href=\"http:\/\/www.boxdelux.dk\/shop\/cms-wildsearch.html?InitSearch=1&amp;Keyword=hubsch&amp;Search=S%C3%B8g\" rel=\"attachment wp-att-6375\"><img loading=\"lazy\" decoding=\"async\" class=\"alignnone size-thumbnail wp-image-6375\" src=\"http:\/\/cubica.dk\/wp-content\/uploads\/2016\/04\/hubsch_miljoe_spring_summer16_ekstrabilleder4-150x150.jpg\" alt=\"H\u00fcbsch finder du hos BOXdeLUX\" width=\"150\" height=\"150\" srcset=\"https:\/\/www.cubica.dk\/wp-content\/uploads\/2016\/04\/hubsch_miljoe_spring_summer16_ekstrabilleder4-150x150.jpg 150w, https:\/\/www.cubica.dk\/wp-content\/uploads\/2016\/04\/hubsch_miljoe_spring_summer16_ekstrabilleder4-300x300.jpg 300w, https:\/\/www.cubica.dk\/wp-content\/uploads\/2016\/04\/hubsch_miljoe_spring_summer16_ekstrabilleder4.jpg 600w\" sizes=\"auto, (max-width: 150px) 100vw, 150px\" \/><\/a> <a href=\"http:\/\/www.boxdelux.dk\/shop\/cms-wildsearch.html?InitSearch=1&amp;Keyword=hubsch&amp;Search=S%C3%B8g\" rel=\"attachment wp-att-6376\"><img loading=\"lazy\" decoding=\"async\" class=\"alignnone size-thumbnail wp-image-6376\" src=\"http:\/\/cubica.dk\/wp-content\/uploads\/2016\/04\/hubsch_miljoe_spring_summer16_ekstrabilleder7-150x150.jpg\" alt=\"H\u00fcbsch finder du hos BOXdeLUX\" width=\"150\" height=\"150\" srcset=\"https:\/\/www.cubica.dk\/wp-content\/uploads\/2016\/04\/hubsch_miljoe_spring_summer16_ekstrabilleder7-150x150.jpg 150w, https:\/\/www.cubica.dk\/wp-content\/uploads\/2016\/04\/hubsch_miljoe_spring_summer16_ekstrabilleder7-300x300.jpg 300w, https:\/\/www.cubica.dk\/wp-content\/uploads\/2016\/04\/hubsch_miljoe_spring_summer16_ekstrabilleder7.jpg 600w\" sizes=\"auto, (max-width: 150px) 100vw, 150px\" \/><\/a> <a href=\"http:\/\/www.boxdelux.dk\/shop\/cms-wildsearch.html?InitSearch=1&amp;Keyword=hubsch&amp;Search=S%C3%B8g\" rel=\"attachment wp-att-6377\"><img loading=\"lazy\" decoding=\"async\" class=\"alignnone size-thumbnail wp-image-6377\" src=\"http:\/\/cubica.dk\/wp-content\/uploads\/2016\/04\/hubsh_miljoe_kurve_ss16-150x150.jpg\" alt=\"hubsh_miljoe_kurve_ss16\" width=\"150\" height=\"150\" srcset=\"https:\/\/www.cubica.dk\/wp-content\/uploads\/2016\/04\/hubsh_miljoe_kurve_ss16-150x150.jpg 150w, https:\/\/www.cubica.dk\/wp-content\/uploads\/2016\/04\/hubsh_miljoe_kurve_ss16-300x300.jpg 300w, https:\/\/www.cubica.dk\/wp-content\/uploads\/2016\/04\/hubsh_miljoe_kurve_ss16.jpg 600w\" sizes=\"auto, (max-width: 150px) 100vw, 150px\" \/><\/a> <a href=\"http:\/\/www.boxdelux.dk\/shop\/cms-wildsearch.html?InitSearch=1&amp;Keyword=hubsch&amp;Search=S%C3%B8g\" rel=\"attachment wp-att-6378\"><img loading=\"lazy\" decoding=\"async\" class=\"alignnone size-thumbnail wp-image-6378\" src=\"http:\/\/cubica.dk\/wp-content\/uploads\/2016\/04\/hubsch-miljoe-150x150.jpg\" alt=\"hubsch-miljoe\" width=\"150\" height=\"150\" srcset=\"https:\/\/www.cubica.dk\/wp-content\/uploads\/2016\/04\/hubsch-miljoe-150x150.jpg 150w, https:\/\/www.cubica.dk\/wp-content\/uploads\/2016\/04\/hubsch-miljoe-300x300.jpg 300w, https:\/\/www.cubica.dk\/wp-content\/uploads\/2016\/04\/hubsch-miljoe.jpg 600w\" sizes=\"auto, (max-width: 150px) 100vw, 150px\" \/><\/a><\/p>\n","protected":false},"excerpt":{"rendered":"<p>H\u00fcbsch H\u00fcbsch er en dansk virksomhed der har haft stor succes de seneste \u00e5r. Deres unikke stil g\u00f8r det let for forbrugeren at g\u00f8re sit hjem personligt med et flot og skandinavisk udtryk. H\u00fcbsch designer og udvikler selv deres produkter i Danmark. Selve produktionen foreg\u00e5r i hele verden, dog prim\u00e6rt i Fjern\u00f8sten under bedst mulige [&hellip;]<\/p>\n","protected":false},"author":2,"featured_media":0,"parent":4973,"menu_order":0,"comment_status":"closed","ping_status":"closed","template":"","meta":{"om_disable_all_campaigns":false,"_monsterinsights_skip_tracking":false,"_monsterinsights_sitenote_active":false,"_monsterinsights_sitenote_note":"","_monsterinsights_sitenote_category":0,"ngg_post_thumbnail":0,"footnotes":""},"class_list":["post-6172","page","type-page","status-publish","hentry"],"aioseo_notices":[],"_links":{"self":[{"href":"https:\/\/www.cubica.dk\/index.php?rest_route=\/wp\/v2\/pages\/6172","targetHints":{"allow":["GET"]}}],"collection":[{"href":"https:\/\/www.cubica.dk\/index.php?rest_route=\/wp\/v2\/pages"}],"about":[{"href":"https:\/\/www.cubica.dk\/index.php?rest_route=\/wp\/v2\/types\/page"}],"author":[{"embeddable":true,"href":"https:\/\/www.cubica.dk\/index.php?rest_route=\/wp\/v2\/users\/2"}],"replies":[{"embeddable":true,"href":"https:\/\/www.cubica.dk\/index.php?rest_route=%2Fwp%2Fv2%2Fcomments&post=6172"}],"version-history":[{"count":4,"href":"https:\/\/www.cubica.dk\/index.php?rest_route=\/wp\/v2\/pages\/6172\/revisions"}],"predecessor-version":[{"id":7156,"href":"https:\/\/www.cubica.dk\/index.php?rest_route=\/wp\/v2\/pages\/6172\/revisions\/7156"}],"up":[{"embeddable":true,"href":"https:\/\/www.cubica.dk\/index.php?rest_route=\/wp\/v2\/pages\/4973"}],"wp:attachment":[{"href":"https:\/\/www.cubica.dk\/index.php?rest_route=%2Fwp%2Fv2%2Fmedia&parent=6172"}],"curies":[{"name":"wp","href":"https:\/\/api.w.org\/{rel}","templated":true}]}}