{"id":6191,"date":"2016-04-07T16:05:29","date_gmt":"2016-04-07T14:05:29","guid":{"rendered":"http:\/\/cubica.dk\/?page_id=6191"},"modified":"2017-06-27T21:12:58","modified_gmt":"2017-06-27T19:12:58","slug":"room-copenhagen","status":"publish","type":"page","link":"https:\/\/www.cubica.dk\/?page_id=6191","title":{"rendered":"Room Copenhagen"},"content":{"rendered":"<h1>Room Copenhagen<\/h1>\n<p>Room Copenhagen blev grundlagt i 2010 i K\u00f8benhavn , Danmark , med det m\u00e5l at skabe sp\u00e6ndende , funktionelt design, der g\u00f8r verden til et smukkere og sjovere sted. Virksomheden samarbejder med LEGO\u00ae , PANTONE Universe og Paul Frank.<\/p>\n<p>Hos BOXdeLUX.dk finder du et stort udvalg af store LEGO opbevaringskasser i forskellige st\u00f8rrelser og farver til anderledes og farverig opbevring i hjemmet. Vi f\u00f8rer de smukke specialfarver lavet i sarte pastelfarver som du sagtens kan bruge i hele hjemmet, ogs\u00e5 stuen. Vi har ogs\u00e5 farver der passer til b\u00e5de drengev\u00e6relset og pigev\u00e6relset.<\/p>\n<p>Med disse smukke LEGO opbevaringskasser kan man roligt sige at LEGO ikke kun er for b\u00f8rn. Byd farverne og legen ind i hjemmet og skab liv og personlighed med de fede kasser.<\/p>\n<p><a href=\"https:\/\/www.boxdelux.dk\/shop\/room-copenhagen-473c1.html\" target=\"_blank\" rel=\"noopener\">Find og sammens\u00e6t dine farvorit opbevaringskasser online lige her<\/a><\/p>\n<p><a href=\"http:\/\/www.boxdelux.dk\/shop\/search-1.html?keyword=Room+Copenhagen&amp;AdvSearch=1\" rel=\"attachment wp-att-6192\"><img loading=\"lazy\" decoding=\"async\" class=\"alignnone wp-image-6192\" src=\"http:\/\/cubica.dk\/wp-content\/uploads\/2016\/04\/lego_opbevaring_miljoe-3.jpg\" alt=\"lego_opbevaring_miljoe (3)\" width=\"280\" height=\"280\" srcset=\"https:\/\/www.cubica.dk\/wp-content\/uploads\/2016\/04\/lego_opbevaring_miljoe-3.jpg 600w, https:\/\/www.cubica.dk\/wp-content\/uploads\/2016\/04\/lego_opbevaring_miljoe-3-150x150.jpg 150w, https:\/\/www.cubica.dk\/wp-content\/uploads\/2016\/04\/lego_opbevaring_miljoe-3-300x300.jpg 300w\" sizes=\"auto, (max-width: 280px) 100vw, 280px\" \/><\/a>&nbsp; &nbsp; &nbsp; &nbsp;&nbsp;<a href=\"http:\/\/www.boxdelux.dk\/shop\/search-1.html?keyword=Room+Copenhagen&amp;AdvSearch=1\" rel=\"attachment wp-att-6193\"><img loading=\"lazy\" decoding=\"async\" class=\"alignnone wp-image-6193\" src=\"http:\/\/cubica.dk\/wp-content\/uploads\/2016\/04\/lego_opbevaring_miljoe-7.jpg\" alt=\"lego_opbevaring_miljoe (7)\" width=\"280\" height=\"280\" srcset=\"https:\/\/www.cubica.dk\/wp-content\/uploads\/2016\/04\/lego_opbevaring_miljoe-7.jpg 600w, https:\/\/www.cubica.dk\/wp-content\/uploads\/2016\/04\/lego_opbevaring_miljoe-7-150x150.jpg 150w, https:\/\/www.cubica.dk\/wp-content\/uploads\/2016\/04\/lego_opbevaring_miljoe-7-300x300.jpg 300w\" sizes=\"auto, (max-width: 280px) 100vw, 280px\" \/><\/a>&nbsp; &nbsp; &nbsp; &nbsp;<a href=\"http:\/\/www.boxdelux.dk\/shop\/search-1.html?keyword=Room+Copenhagen&amp;AdvSearch=1\" rel=\"attachment wp-att-6194\"><img loading=\"lazy\" decoding=\"async\" class=\"alignnone wp-image-6194\" src=\"http:\/\/cubica.dk\/wp-content\/uploads\/2016\/04\/lego_opbevaring_miljoe_blaa_roed_sort_aqua.jpg\" alt=\"Lego kasser fra ROOM copenhagen\" width=\"280\" height=\"280\" srcset=\"https:\/\/www.cubica.dk\/wp-content\/uploads\/2016\/04\/lego_opbevaring_miljoe_blaa_roed_sort_aqua.jpg 600w, https:\/\/www.cubica.dk\/wp-content\/uploads\/2016\/04\/lego_opbevaring_miljoe_blaa_roed_sort_aqua-150x150.jpg 150w, https:\/\/www.cubica.dk\/wp-content\/uploads\/2016\/04\/lego_opbevaring_miljoe_blaa_roed_sort_aqua-300x300.jpg 300w\" sizes=\"auto, (max-width: 280px) 100vw, 280px\" \/><\/a><\/p>\n<p><a href=\"http:\/\/www.boxdelux.dk\/shop\/search-1.html?keyword=Room+Copenhagen&amp;AdvSearch=1\" rel=\"attachment wp-att-6195\"><img loading=\"lazy\" decoding=\"async\" class=\"alignnone size-thumbnail wp-image-6195\" src=\"http:\/\/cubica.dk\/wp-content\/uploads\/2016\/04\/lego_opbevaring_lille_gul-150x150.jpg\" alt=\"lego_opbevaring_lille_gul\" width=\"150\" height=\"150\" srcset=\"https:\/\/www.cubica.dk\/wp-content\/uploads\/2016\/04\/lego_opbevaring_lille_gul-150x150.jpg 150w, https:\/\/www.cubica.dk\/wp-content\/uploads\/2016\/04\/lego_opbevaring_lille_gul-300x300.jpg 300w, https:\/\/www.cubica.dk\/wp-content\/uploads\/2016\/04\/lego_opbevaring_lille_gul.jpg 600w\" sizes=\"auto, (max-width: 150px) 100vw, 150px\" \/><\/a> <a href=\"http:\/\/www.boxdelux.dk\/shop\/search-1.html?keyword=Room+Copenhagen&amp;AdvSearch=1\" rel=\"attachment wp-att-6196\"><img loading=\"lazy\" decoding=\"async\" class=\"alignnone size-thumbnail wp-image-6196\" src=\"http:\/\/cubica.dk\/wp-content\/uploads\/2016\/04\/lego_opbevaring_lille_hvid-150x150.jpg\" alt=\"lego_opbevaring_lille_hvid\" width=\"150\" height=\"150\" srcset=\"https:\/\/www.cubica.dk\/wp-content\/uploads\/2016\/04\/lego_opbevaring_lille_hvid-150x150.jpg 150w, https:\/\/www.cubica.dk\/wp-content\/uploads\/2016\/04\/lego_opbevaring_lille_hvid-300x300.jpg 300w, https:\/\/www.cubica.dk\/wp-content\/uploads\/2016\/04\/lego_opbevaring_lille_hvid.jpg 600w\" sizes=\"auto, (max-width: 150px) 100vw, 150px\" \/><\/a> <a href=\"http:\/\/www.boxdelux.dk\/shop\/search-1.html?keyword=Room+Copenhagen&amp;AdvSearch=1\" rel=\"attachment wp-att-6197\"><img loading=\"lazy\" decoding=\"async\" class=\"alignnone size-thumbnail wp-image-6197\" src=\"http:\/\/cubica.dk\/wp-content\/uploads\/2016\/04\/lego_opbevaring_lille_sort-1-150x150.jpg\" alt=\"lego_opbevaring_lille_sort (1)\" width=\"150\" height=\"150\" srcset=\"https:\/\/www.cubica.dk\/wp-content\/uploads\/2016\/04\/lego_opbevaring_lille_sort-1-150x150.jpg 150w, https:\/\/www.cubica.dk\/wp-content\/uploads\/2016\/04\/lego_opbevaring_lille_sort-1-300x300.jpg 300w, https:\/\/www.cubica.dk\/wp-content\/uploads\/2016\/04\/lego_opbevaring_lille_sort-1.jpg 600w\" sizes=\"auto, (max-width: 150px) 100vw, 150px\" \/><\/a> <a href=\"http:\/\/www.boxdelux.dk\/shop\/search-1.html?keyword=Room+Copenhagen&amp;AdvSearch=1\" rel=\"attachment wp-att-6198\"><img loading=\"lazy\" decoding=\"async\" class=\"alignnone size-thumbnail wp-image-6198\" src=\"http:\/\/cubica.dk\/wp-content\/uploads\/2016\/04\/lego_opbevaring_stor_aqua-150x150.jpg\" alt=\"lego_opbevaring_stor_aqua\" width=\"150\" height=\"150\" srcset=\"https:\/\/www.cubica.dk\/wp-content\/uploads\/2016\/04\/lego_opbevaring_stor_aqua-150x150.jpg 150w, https:\/\/www.cubica.dk\/wp-content\/uploads\/2016\/04\/lego_opbevaring_stor_aqua-300x300.jpg 300w, https:\/\/www.cubica.dk\/wp-content\/uploads\/2016\/04\/lego_opbevaring_stor_aqua.jpg 600w\" sizes=\"auto, (max-width: 150px) 100vw, 150px\" \/><\/a> <a href=\"http:\/\/www.boxdelux.dk\/shop\/search-1.html?keyword=Room+Copenhagen&amp;AdvSearch=1\" rel=\"attachment wp-att-6199\"><img loading=\"lazy\" decoding=\"async\" class=\"alignnone size-thumbnail wp-image-6199\" src=\"http:\/\/cubica.dk\/wp-content\/uploads\/2016\/04\/lego_opbevaring_stor_azur-150x150.jpg\" alt=\"lego_opbevaring_stor_azur\" width=\"150\" height=\"150\" srcset=\"https:\/\/www.cubica.dk\/wp-content\/uploads\/2016\/04\/lego_opbevaring_stor_azur-150x150.jpg 150w, https:\/\/www.cubica.dk\/wp-content\/uploads\/2016\/04\/lego_opbevaring_stor_azur-300x300.jpg 300w, https:\/\/www.cubica.dk\/wp-content\/uploads\/2016\/04\/lego_opbevaring_stor_azur.jpg 600w\" sizes=\"auto, (max-width: 150px) 100vw, 150px\" \/><\/a> <a href=\"http:\/\/www.boxdelux.dk\/shop\/search-1.html?keyword=Room+Copenhagen&amp;AdvSearch=1\" rel=\"attachment wp-att-6200\"><img loading=\"lazy\" decoding=\"async\" class=\"alignnone size-thumbnail wp-image-6200\" src=\"http:\/\/cubica.dk\/wp-content\/uploads\/2016\/04\/lego_opbevaring_stor_graa-150x150.jpg\" alt=\"lego_opbevaring_stor_graa\" width=\"150\" height=\"150\" srcset=\"https:\/\/www.cubica.dk\/wp-content\/uploads\/2016\/04\/lego_opbevaring_stor_graa-150x150.jpg 150w, https:\/\/www.cubica.dk\/wp-content\/uploads\/2016\/04\/lego_opbevaring_stor_graa-300x300.jpg 300w, https:\/\/www.cubica.dk\/wp-content\/uploads\/2016\/04\/lego_opbevaring_stor_graa.jpg 600w\" sizes=\"auto, (max-width: 150px) 100vw, 150px\" \/><\/a><\/p>\n","protected":false},"excerpt":{"rendered":"<p>Room Copenhagen Room Copenhagen blev grundlagt i 2010 i K\u00f8benhavn , Danmark , med det m\u00e5l at skabe sp\u00e6ndende , funktionelt design, der g\u00f8r verden til et smukkere og sjovere sted. Virksomheden samarbejder med LEGO\u00ae , PANTONE Universe og Paul Frank. Hos BOXdeLUX.dk finder du et stort udvalg af store LEGO opbevaringskasser i forskellige st\u00f8rrelser [&hellip;]<\/p>\n","protected":false},"author":2,"featured_media":0,"parent":4973,"menu_order":0,"comment_status":"closed","ping_status":"closed","template":"","meta":{"om_disable_all_campaigns":false,"_monsterinsights_skip_tracking":false,"_monsterinsights_sitenote_active":false,"_monsterinsights_sitenote_note":"","_monsterinsights_sitenote_category":0,"ngg_post_thumbnail":0,"footnotes":""},"class_list":["post-6191","page","type-page","status-publish","hentry"],"aioseo_notices":[],"_links":{"self":[{"href":"https:\/\/www.cubica.dk\/index.php?rest_route=\/wp\/v2\/pages\/6191","targetHints":{"allow":["GET"]}}],"collection":[{"href":"https:\/\/www.cubica.dk\/index.php?rest_route=\/wp\/v2\/pages"}],"about":[{"href":"https:\/\/www.cubica.dk\/index.php?rest_route=\/wp\/v2\/types\/page"}],"author":[{"embeddable":true,"href":"https:\/\/www.cubica.dk\/index.php?rest_route=\/wp\/v2\/users\/2"}],"replies":[{"embeddable":true,"href":"https:\/\/www.cubica.dk\/index.php?rest_route=%2Fwp%2Fv2%2Fcomments&post=6191"}],"version-history":[{"count":3,"href":"https:\/\/www.cubica.dk\/index.php?rest_route=\/wp\/v2\/pages\/6191\/revisions"}],"predecessor-version":[{"id":7169,"href":"https:\/\/www.cubica.dk\/index.php?rest_route=\/wp\/v2\/pages\/6191\/revisions\/7169"}],"up":[{"embeddable":true,"href":"https:\/\/www.cubica.dk\/index.php?rest_route=\/wp\/v2\/pages\/4973"}],"wp:attachment":[{"href":"https:\/\/www.cubica.dk\/index.php?rest_route=%2Fwp%2Fv2%2Fmedia&parent=6191"}],"curies":[{"name":"wp","href":"https:\/\/api.w.org\/{rel}","templated":true}]}}