{"id":6571,"date":"2016-07-04T15:01:03","date_gmt":"2016-07-04T13:01:03","guid":{"rendered":"http:\/\/cubica.dk\/?page_id=6571"},"modified":"2017-06-27T21:17:44","modified_gmt":"2017-06-27T19:17:44","slug":"uashmama","status":"publish","type":"page","link":"https:\/\/www.cubica.dk\/?page_id=6571","title":{"rendered":"Uashmama"},"content":{"rendered":"<h1>Uashmama<\/h1>\n<p>Uashmama (udtales Wash Mama) st\u00e5r bag disse l\u00e6kre produkter lavet af papirfibre. Produkterne fra Uashmama er udviklet af den italienske familievirksomhed \u00b4Le sorelle`. Alle Uashmama produkterne er designet og lavet i Lucca i Toscana. R\u00e5varerne til det papirlignende materiale er opdyrket p\u00e5 plantager og stammer derfor ikke fra skovrydninger.&nbsp;UASHMAMA materialet fremstilles p\u00e5 lidt samme m\u00e5de som man arbejder med l\u00e6der p\u00e5. Hvert enkelt stykke papir str\u00e6kkes og h\u00e6rdes igen og igen s\u00e5 det kan modst\u00e5 hverdagens slid og strabadser og produkterne kan holde til at blive vasket igen og igen.<\/p>\n<p>Produkterne fra Uashmama er med andre ord indbegrebet af b\u00e6redygtighed ogs\u00e5 er de bare s\u00e5 l\u00e6kre i materialet samtidig med at de kan bruges til alverdens ting og sager.<\/p>\n<p><a href=\"https:\/\/www.boxdelux.dk\/shop\/uashmama-467c1.html\">K\u00f8b Uashmama hos BOXdeLUX lige her<\/a><\/p>\n<p>&nbsp;<\/p>\n","protected":false},"excerpt":{"rendered":"<p>Uashmama Uashmama (udtales Wash Mama) st\u00e5r bag disse l\u00e6kre produkter lavet af papirfibre. Produkterne fra Uashmama er udviklet af den italienske familievirksomhed \u00b4Le sorelle`. Alle Uashmama produkterne er designet og lavet i Lucca i Toscana. R\u00e5varerne til det papirlignende materiale er opdyrket p\u00e5 plantager og stammer derfor ikke fra skovrydninger.&nbsp;UASHMAMA materialet fremstilles p\u00e5 lidt samme [&hellip;]<\/p>\n","protected":false},"author":2,"featured_media":0,"parent":4973,"menu_order":0,"comment_status":"closed","ping_status":"closed","template":"","meta":{"om_disable_all_campaigns":false,"_monsterinsights_skip_tracking":false,"_monsterinsights_sitenote_active":false,"_monsterinsights_sitenote_note":"","_monsterinsights_sitenote_category":0,"ngg_post_thumbnail":0,"footnotes":""},"class_list":["post-6571","page","type-page","status-publish","hentry"],"aioseo_notices":[],"_links":{"self":[{"href":"https:\/\/www.cubica.dk\/index.php?rest_route=\/wp\/v2\/pages\/6571","targetHints":{"allow":["GET"]}}],"collection":[{"href":"https:\/\/www.cubica.dk\/index.php?rest_route=\/wp\/v2\/pages"}],"about":[{"href":"https:\/\/www.cubica.dk\/index.php?rest_route=\/wp\/v2\/types\/page"}],"author":[{"embeddable":true,"href":"https:\/\/www.cubica.dk\/index.php?rest_route=\/wp\/v2\/users\/2"}],"replies":[{"embeddable":true,"href":"https:\/\/www.cubica.dk\/index.php?rest_route=%2Fwp%2Fv2%2Fcomments&post=6571"}],"version-history":[{"count":5,"href":"https:\/\/www.cubica.dk\/index.php?rest_route=\/wp\/v2\/pages\/6571\/revisions"}],"predecessor-version":[{"id":7176,"href":"https:\/\/www.cubica.dk\/index.php?rest_route=\/wp\/v2\/pages\/6571\/revisions\/7176"}],"up":[{"embeddable":true,"href":"https:\/\/www.cubica.dk\/index.php?rest_route=\/wp\/v2\/pages\/4973"}],"wp:attachment":[{"href":"https:\/\/www.cubica.dk\/index.php?rest_route=%2Fwp%2Fv2%2Fmedia&parent=6571"}],"curies":[{"name":"wp","href":"https:\/\/api.w.org\/{rel}","templated":true}]}}