{"id":889,"date":"2012-06-18T22:02:15","date_gmt":"2012-06-18T20:02:15","guid":{"rendered":"http:\/\/cubica.dk\/?page_id=889"},"modified":"2015-07-02T16:09:07","modified_gmt":"2015-07-02T14:09:07","slug":"pressefotos","status":"publish","type":"page","link":"https:\/\/www.cubica.dk\/?page_id=889","title":{"rendered":"Pressefotos"},"content":{"rendered":"<p>Vi har\u00a0fotos i h\u00f8j opl\u00f8sning af stort set alle de varer vi laver og s\u00e6lger. Send en mail til\u00a0Karsten p\u00e5 <a href=\"mailto:kg@cubica.dk\">kg@cubica.dk<\/a>, s\u00e5 sender vi det fluks.<\/p>\n<p>Mangler du fritlagte billeder i h\u00f8j opl\u00f8sning fra leverand\u00f8rer som Bloomingville, Sistema, RICE, Housedoctor, Nomess, DIXIE, TICA, H\u00fcbsch, Nordal, etc. kan vi ogs\u00e5 hj\u00e6lpe!<\/p>\n<p>&nbsp;<\/p>\n","protected":false},"excerpt":{"rendered":"<p>Vi har\u00a0fotos i h\u00f8j opl\u00f8sning af stort set alle de varer vi laver og s\u00e6lger. Send en mail til\u00a0Karsten p\u00e5 kg@cubica.dk, s\u00e5 sender vi det fluks. Mangler du fritlagte billeder i h\u00f8j opl\u00f8sning fra leverand\u00f8rer som Bloomingville, Sistema, RICE, Housedoctor, Nomess, DIXIE, TICA, H\u00fcbsch, Nordal, etc. kan vi ogs\u00e5 hj\u00e6lpe! &nbsp;<\/p>\n","protected":false},"author":1,"featured_media":0,"parent":0,"menu_order":0,"comment_status":"open","ping_status":"open","template":"","meta":{"om_disable_all_campaigns":false,"_monsterinsights_skip_tracking":false,"_monsterinsights_sitenote_active":false,"_monsterinsights_sitenote_note":"","_monsterinsights_sitenote_category":0,"ngg_post_thumbnail":0,"footnotes":""},"class_list":["post-889","page","type-page","status-publish","hentry"],"aioseo_notices":[],"_links":{"self":[{"href":"https:\/\/www.cubica.dk\/index.php?rest_route=\/wp\/v2\/pages\/889","targetHints":{"allow":["GET"]}}],"collection":[{"href":"https:\/\/www.cubica.dk\/index.php?rest_route=\/wp\/v2\/pages"}],"about":[{"href":"https:\/\/www.cubica.dk\/index.php?rest_route=\/wp\/v2\/types\/page"}],"author":[{"embeddable":true,"href":"https:\/\/www.cubica.dk\/index.php?rest_route=\/wp\/v2\/users\/1"}],"replies":[{"embeddable":true,"href":"https:\/\/www.cubica.dk\/index.php?rest_route=%2Fwp%2Fv2%2Fcomments&post=889"}],"version-history":[{"count":39,"href":"https:\/\/www.cubica.dk\/index.php?rest_route=\/wp\/v2\/pages\/889\/revisions"}],"predecessor-version":[{"id":5822,"href":"https:\/\/www.cubica.dk\/index.php?rest_route=\/wp\/v2\/pages\/889\/revisions\/5822"}],"wp:attachment":[{"href":"https:\/\/www.cubica.dk\/index.php?rest_route=%2Fwp%2Fv2%2Fmedia&parent=889"}],"curies":[{"name":"wp","href":"https:\/\/api.w.org\/{rel}","templated":true}]}}